{"id":83218,"date":"2026-04-30T06:51:13","date_gmt":"2026-04-30T09:51:13","guid":{"rendered":"https:\/\/www.hediyepazar.com\/?product=sihirli-kare-jel-el-isitici-cep-sobasi-el-sobasi"},"modified":"2026-04-30T06:51:13","modified_gmt":"2026-04-30T09:51:13","slug":"sihirli-kare-jel-el-isitici-cep-sobasi-el-sobasi","status":"publish","type":"product","link":"https:\/\/www.hediyepazar.com\/?product=sihirli-kare-jel-el-isitici-cep-sobasi-el-sobasi","title":{"rendered":"Sihirli Kare Jel El Is\u0131t\u0131c\u0131 Cep Sobas\u0131 El Sobas\u0131"},"content":{"rendered":"<p>S\u0130H\u0130RL\u0130 EL ISITICI JEL CEP SOBASI<br \/>\nSo\u011fuk k\u0131\u015f g&uuml;nlerinin yakla\u015ft\u0131\u011f\u0131 bu g&uuml;nlerde Cep Sobas\u0131 i&ccedil;inizi \u0131s\u0131tacak.<br \/>\nYa\u011fmurlu ve karl\u0131 ge&ccedil;en so\u011fuk havalarda yan\u0131n\u0131zdan ay\u0131rmak istemeyece\u011finiz cep sobas\u0131 ile k\u0131\u015f &ccedil;ok s\u0131cak ge&ccedil;ecek.<br \/>\nFarkl\u0131 bir tasar\u0131m\u0131 bulunan bu &uuml;r&uuml;n i&ccedil;inde bulunan &ouml;zel s\u0131v\u0131 suda bekletilirken, \u0131s\u0131y\u0131 i&ccedil;ine hapseder ve<br \/>\nd&uuml;\u011fmesine bas\u0131ld\u0131\u011f\u0131nda \u0131s\u0131y\u0131 geri vermeye ba\u015flar.<br \/>\nYakla\u015f\u0131k 45 dakika boyunca \u0131s\u0131 yaymaya devam eder.<br \/>\nYakla\u015f\u0131k 1.000 kullan\u0131ml\u0131k olan cep sobas\u0131, bu k\u0131\u015f vazge&ccedil;emeyece\u011finiz k\u0131\u015f aksesuarlar\u0131n\u0131zdan biri olacak.<br \/>\nHem g&uuml;nl&uuml;k hayatta kullanabilir, hem de do\u011fa sporlar\u0131 ile u\u011fra\u015fan ki\u015filere hediye edebilirsiniz.<br \/>\nA\u011fr\u0131yan veya &uuml;\u015f&uuml;yen ellerinize s\u0131cak pres yapar.<br \/>\nHer t&uuml;rl&uuml; a&ccedil;\u0131k hava aktivitesinde ellerinizi \u0131s\u0131tmak i&ccedil;in, avu&ccedil; \u015feklinde tasarlanm\u0131\u015f el sobas\u0131n\u0131 aktif hale getirip avucunuza alman\u0131z yeterli!<br \/>\n&Uuml;r&uuml;n &Ouml;zellikleri: Is\u0131y\u0131 hapseden &ouml;zel jel s\u0131v\u0131 S\u0131cak suyun i&ccedil;ine koyularak \u0131s\u0131t\u0131l\u0131r Is\u0131s\u0131n\u0131 kaybettikten sonra jel s\u0131v\u0131 kat\u0131la\u015f\u0131r<\/p>\n<p>Kullan\u0131m \u015eekli:<br \/>\nPaketin i&ccedil;inde bulunan metal yuvarla\u011f\u0131 elinizle &ccedil;\u0131tlat\u0131n.<br \/>\nMetal &ccedil;ip kataliz&ouml;r g&ouml;revi g&ouml;rmektedir, sonras\u0131nda \u0131s\u0131t\u0131c\u0131 jel kat\u0131la\u015facakt\u0131r. S\u0131cakl\u0131\u011f\u0131 30-40 dk sonunda yava\u015f yava\u015f azalacakt\u0131r.<br \/>\nTamamen so\u011futuldu\u011funda, t&uuml;m kristaller jel halini alana kadar (5-10 dk) kaynar suda \u0131s\u0131t\u0131n\u0131z.<br \/>\nHerhangi bir kesilme veya y\u0131rt\u0131lma olmad\u0131\u011f\u0131, &ccedil;ip k\u0131r\u0131lmad\u0131\u011f\u0131 s&uuml;rece \u0131s\u0131t\u0131c\u0131y\u0131 tekrar tekrar kullanabilirsiniz.<\/p>\n<p>Kullan\u0131rken Dikkat Edilmesi Gerekenler: &Uuml;r&uuml;n&uuml; kullanman\u0131z\u0131n ard\u0131ndan tekrar kaynatarak s\u0131v\u0131 hale getirebilir ve tekrar kullanabilirsiniz.<br \/>\nAncak &uuml;r&uuml;n&uuml; kaynatman\u0131z\u0131n hemen ard\u0131ndan, s\u0131cak halde iken metal pulu &ccedil;\u0131tlatmay\u0131n\u0131z.<br \/>\n&Uuml;r&uuml;n kargoda aktiflenmi\u015f olabilece\u011finden elinize ula\u015ft\u0131\u011f\u0131nda kat\u0131 halde olabilir. Bu, &uuml;r&uuml;n&uuml;n ar\u0131zal\u0131 oldu\u011fu anlam\u0131na gelmemektedir.<br \/>\n&Uuml;r&uuml;n&uuml; kaynatarak tekrar s\u0131v\u0131 hale getirebilir ve diledi\u011finiz zaman kullanabilirsiniz.<\/p>\n<p>Nas\u0131l &Ccedil;al\u0131\u015f\u0131yor? Sihirli Is\u0131t\u0131c\u0131 Jel&rsquo;in i&ccedil;indeki metali &ccedil;\u0131tlat\u0131yorsunuz. Bu esnada mikron d&uuml;zeyinde bir enerji Jeli tepkimeye sokuyor,<br \/>\nmetal &ccedil;ipimiz Kataliz&ouml;r g&ouml;revi g&ouml;rmekte. Tepkime sonucunda S\u0131v\u0131 Sodyum Asetat tuzu, kat\u0131 hale ge&ccedil;&ccedil;iyor ve<br \/>\nbu faz de\u011fi\u015ftirme esnas\u0131nda d\u0131\u015far\u0131ya \u0131s\u0131 veriyor, bu \u0131s\u0131 55 Dereceye kadar &ccedil;\u0131k\u0131yor ve 30-45 dk s&uuml;resince tepkime devam ediyor.<br \/>\nDaha sonra, kat\u0131 halde so\u011fumu\u015f Sihirli Is\u0131t\u0131c\u0131&rsquo;y\u0131, kaynatarak, tekrar Jel haline ge&ccedil;mesini ve potansiyel bir \u0131s\u0131 kayna\u011f\u0131 olmas\u0131n\u0131 sa\u011fl\u0131yoruz.<br \/>\nSihirli Is\u0131t\u0131c\u0131y\u0131 nerelerde kullanabilirim?<br \/>\nKar\u0131n a\u011fr\u0131lar\u0131nda, kar\u0131n b&ouml;lgesi ve ayaklara konabilir, Yata\u011f\u0131n\u0131z\u0131 veya yast\u0131\u011f\u0131n\u0131z\u0131 \u0131s\u0131tmak i&ccedil;in,<br \/>\nyata\u011fa girmeden 5-10 dk &ouml;nceden yata\u011f\u0131n\u0131za koyarak, g&uuml;venli \u015fekilde \u0131s\u0131tabilirsiniz.<br \/>\nKayak yaparken veya y&uuml;r&uuml;y&uuml;\u015fte, ko\u015fuda, montunuzun i&ccedil;ini \u0131s\u0131tmak i&ccedil;in, da\u011fc\u0131l\u0131k,<br \/>\nkamp ve avc\u0131l\u0131k da tulumlar\u0131n\u0131z\u0131 \u0131s\u0131tmak i&ccedil;in, a\u011fr\u0131 ve s\u0131cak press gerektiren yerlerde,<br \/>\npansuman yapmak i&ccedil;in. S\u0131cak tutman\u0131z gereken b&ouml;lgelerinize an\u0131nda ve gerekti\u011fi yerde s\u0131cakl\u0131k imkan\u0131 sa\u011flamak i&ccedil;in.<br \/>\n&Uuml;r&uuml;n &ouml;l&ccedil;&uuml;leri: 7 cm x 7 cm<\/p>\n","protected":false},"excerpt":{"rendered":"<p>Sihirli Kare Jel El Is\u0131t\u0131c\u0131 Cep Sobas\u0131 El Sobas\u0131<\/p>\n","protected":false},"featured_media":83217,"comment_status":"open","ping_status":"closed","template":"","meta":{"_kad_post_transparent":"","_kad_post_title":"","_kad_post_layout":"","_kad_post_sidebar_id":"","_kad_post_content_style":"","_kad_post_vertical_padding":"","_kad_post_feature":"","_kad_post_feature_position":"","_kad_post_header":false,"_kad_post_footer":false,"_kad_post_classname":""},"product_brand":[],"product_cat":[700,591,570],"product_tag":[],"class_list":{"0":"post-83218","1":"product","2":"type-product","3":"status-publish","4":"has-post-thumbnail","6":"product_cat-genel-saglik","7":"product_cat-saglik","8":"product_cat-supermarket","10":"first","11":"instock","12":"shipping-taxable","13":"purchasable","14":"product-type-simple","15":"entry","16":"content-bg","17":"loop-entry"},"_links":{"self":[{"href":"https:\/\/www.hediyepazar.com\/index.php?rest_route=\/wp\/v2\/product\/83218","targetHints":{"allow":["GET"]}}],"collection":[{"href":"https:\/\/www.hediyepazar.com\/index.php?rest_route=\/wp\/v2\/product"}],"about":[{"href":"https:\/\/www.hediyepazar.com\/index.php?rest_route=\/wp\/v2\/types\/product"}],"replies":[{"embeddable":true,"href":"https:\/\/www.hediyepazar.com\/index.php?rest_route=%2Fwp%2Fv2%2Fcomments&post=83218"}],"wp:featuredmedia":[{"embeddable":true,"href":"https:\/\/www.hediyepazar.com\/index.php?rest_route=\/wp\/v2\/media\/83217"}],"wp:attachment":[{"href":"https:\/\/www.hediyepazar.com\/index.php?rest_route=%2Fwp%2Fv2%2Fmedia&parent=83218"}],"wp:term":[{"taxonomy":"product_brand","embeddable":true,"href":"https:\/\/www.hediyepazar.com\/index.php?rest_route=%2Fwp%2Fv2%2Fproduct_brand&post=83218"},{"taxonomy":"product_cat","embeddable":true,"href":"https:\/\/www.hediyepazar.com\/index.php?rest_route=%2Fwp%2Fv2%2Fproduct_cat&post=83218"},{"taxonomy":"product_tag","embeddable":true,"href":"https:\/\/www.hediyepazar.com\/index.php?rest_route=%2Fwp%2Fv2%2Fproduct_tag&post=83218"}],"curies":[{"name":"wp","href":"https:\/\/api.w.org\/{rel}","templated":true}]}}