{"id":83226,"date":"2026-04-30T06:51:51","date_gmt":"2026-04-30T09:51:51","guid":{"rendered":"https:\/\/www.hediyepazar.com\/?product=sprey-cam-sise-zeytinyagi-sirke-yag-puskurtucu-yagdanlik-100-ml"},"modified":"2026-04-30T06:51:51","modified_gmt":"2026-04-30T09:51:51","slug":"sprey-cam-sise-zeytinyagi-sirke-yag-puskurtucu-yagdanlik-100-ml","status":"publish","type":"product","link":"https:\/\/www.hediyepazar.com\/?product=sprey-cam-sise-zeytinyagi-sirke-yag-puskurtucu-yagdanlik-100-ml","title":{"rendered":"Sprey Cam \u015ei\u015fe Zeytinya\u011f\u0131 Sirke Ya\u011f P\u00fcsk\u00fcrt\u00fcc\u00fc Ya\u011fdanl\u0131k 100 ml"},"content":{"rendered":"<table style=\"border-collapse:collapse; width:203pt; border:none\" width=\"270\">\n<colgroup>\n<col style=\"width:203pt\" width=\"270\" \/>\n\t<\/colgroup>\n<tbody>\n<tr height=\"20\" style=\"height:15.0pt\">\n<td height=\"20\" style=\"border:none; height:15.0pt; width:203pt; padding-top:1px; padding-right:1px; padding-left:1px; vertical-align:bottom; white-space:nowrap\" width=\"270\"><span style=\"font-size:11pt\"><span style=\"color:black\"><span style=\"font-weight:400\"><span style=\"font-style:normal\"><span style=\"text-decoration:none\"><span style=\"font-family:Calibri,sans-serif\">Sprey Cam \u015ei\u015fe Zeytinya\u011f\u0131 Sirke Ya\u011f P&uuml;sk&uuml;rt&uuml;c&uuml; Ya\u011fdanl\u0131k 100 ml<\/span><\/span><\/span><\/span><\/span><\/span><\/td>\n<\/tr>\n<tr>\n<td height=\"20\" style=\"border:none; height:15.0pt; width:262pt; padding-top:1px; padding-right:1px; padding-left:1px; vertical-align:bottom; white-space:nowrap\" width=\"349\">\n\t\t\t<span style=\"font-size:11pt\"><span style=\"color:black\"><span style=\"font-weight:400\"><span style=\"font-style:normal\"><span style=\"text-decoration:none\"><span style=\"font-family:Calibri,sans-serif\">SPREY YA\u011eDANLIk<br \/>\n\t\t\tY&uuml;ksek li paslanmaz &ccedil;elik ve camdan yap\u0131lm\u0131\u015f, BPA i&ccedil;ermez ve &ccedil;evre dostu, g\u0131da g&uuml;venli\u011fi derecesi ile<br \/>\n\t\t\tsprey ya\u011fdanl\u0131k mutfa\u011f\u0131n\u0131z i&ccedil;in vazge&ccedil;ilmez olacak.<br \/>\n\t\t\t\u015eeffaf cam haznenin ak\u0131ll\u0131 tasar\u0131m\u0131, kalan s\u0131v\u0131 miktar\u0131n\u0131 kolayca &ouml;l&ccedil;ebilirsiniz.<br \/>\n\t\t\tBu p&uuml;sk&uuml;rt&uuml;c&uuml;y&uuml; en sevdi\u011finiz ya\u011flar, ay&ccedil;i&ccedil;e\u011fi ya\u011f\u0131, sirke, soya sosu, limon ve kire&ccedil; suyu ile doldurabilirsiniz.<br \/>\n\t\t\tVe yayg\u0131n olarak salata yap\u0131m\u0131, pi\u015firme, kavurma, \u0131zgara, k\u0131zartma, barbek&uuml; ve benzeri i&ccedil;in kullan\u0131l\u0131r.<br \/>\n\t\t\tPi\u015firme keyfini &ccedil;\u0131kar\u0131rken baharat miktar\u0131n\u0131 do\u011fru bir \u015fekilde kontrol edin.<br \/>\n\t\t\t&Uuml;r&uuml;n&uuml;n kapa\u011f\u0131n\u0131 s&ouml;kebilir, deterjan veya \u0131l\u0131k su ile durulayabilirsiniz.<br \/>\n\t\t\tYa\u011f miktar\u0131n\u0131 kontroll&uuml; bir \u015fekilde kullanman\u0131z\u0131 sa\u011flayarak kilo vermenize yard\u0131mc\u0131 olur.<br \/>\n\t\t\tPaket \u0130&ccedil;eri\u011fi<br \/>\n\t\t\t1 Adet Y&uuml;ksek li Paslanmaz &Ccedil;elik ve Cam Sprey Ya\u011fdanl\u0131k 100 ml<\/span><\/span><\/span><\/span><\/span><\/span><\/td>\n<\/tr>\n<\/tbody>\n<\/table>\n","protected":false},"excerpt":{"rendered":"<p>Sprey Cam \u015ei\u015fe Zeytinya\u011f\u0131 Sirke Ya\u011f P\u00fcsk\u00fcrt\u00fcc\u00fc Ya\u011fdanl\u0131k 100 ml<\/p>\n","protected":false},"featured_media":83225,"comment_status":"open","ping_status":"closed","template":"","meta":{"_kad_post_transparent":"","_kad_post_title":"","_kad_post_layout":"","_kad_post_sidebar_id":"","_kad_post_content_style":"","_kad_post_vertical_padding":"","_kad_post_feature":"","_kad_post_feature_position":"","_kad_post_header":false,"_kad_post_footer":false,"_kad_post_classname":""},"product_brand":[],"product_cat":[557,558,701],"product_tag":[],"class_list":{"0":"post-83226","1":"product","2":"type-product","3":"status-publish","4":"has-post-thumbnail","6":"product_cat-ev-yasam","7":"product_cat-sofra-mutfak-2","8":"product_cat-yagdanlik","10":"first","11":"instock","12":"shipping-taxable","13":"purchasable","14":"product-type-simple","15":"entry","16":"content-bg","17":"loop-entry"},"_links":{"self":[{"href":"https:\/\/www.hediyepazar.com\/index.php?rest_route=\/wp\/v2\/product\/83226","targetHints":{"allow":["GET"]}}],"collection":[{"href":"https:\/\/www.hediyepazar.com\/index.php?rest_route=\/wp\/v2\/product"}],"about":[{"href":"https:\/\/www.hediyepazar.com\/index.php?rest_route=\/wp\/v2\/types\/product"}],"replies":[{"embeddable":true,"href":"https:\/\/www.hediyepazar.com\/index.php?rest_route=%2Fwp%2Fv2%2Fcomments&post=83226"}],"wp:featuredmedia":[{"embeddable":true,"href":"https:\/\/www.hediyepazar.com\/index.php?rest_route=\/wp\/v2\/media\/83225"}],"wp:attachment":[{"href":"https:\/\/www.hediyepazar.com\/index.php?rest_route=%2Fwp%2Fv2%2Fmedia&parent=83226"}],"wp:term":[{"taxonomy":"product_brand","embeddable":true,"href":"https:\/\/www.hediyepazar.com\/index.php?rest_route=%2Fwp%2Fv2%2Fproduct_brand&post=83226"},{"taxonomy":"product_cat","embeddable":true,"href":"https:\/\/www.hediyepazar.com\/index.php?rest_route=%2Fwp%2Fv2%2Fproduct_cat&post=83226"},{"taxonomy":"product_tag","embeddable":true,"href":"https:\/\/www.hediyepazar.com\/index.php?rest_route=%2Fwp%2Fv2%2Fproduct_tag&post=83226"}],"curies":[{"name":"wp","href":"https:\/\/api.w.org\/{rel}","templated":true}]}}