{"id":83472,"date":"2026-04-30T07:04:46","date_gmt":"2026-04-30T10:04:46","guid":{"rendered":"https:\/\/www.hediyepazar.com\/?product=pembe-destekli-cift-capraz-dantelli-sutyen-takimi-4307"},"modified":"2026-04-30T07:04:46","modified_gmt":"2026-04-30T10:04:46","slug":"pembe-destekli-cift-capraz-dantelli-sutyen-takimi-4307","status":"publish","type":"product","link":"https:\/\/www.hediyepazar.com\/?product=pembe-destekli-cift-capraz-dantelli-sutyen-takimi-4307","title":{"rendered":"Pembe Destekli \u00c7ift \u00c7apraz Dantelli S\u00fctyen Tak\u0131m\u0131 4307"},"content":{"rendered":"<table style=\"border-collapse:collapse; width:233pt; border:none\" width=\"310\">\n<colgroup>\n<col style=\"width:233pt\" width=\"310\" \/>\n\t<\/colgroup>\n<tbody>\n<tr height=\"20\" style=\"height:15.0pt\">\n<td class=\"xl66\" height=\"20\" style=\"border:none; height:15.0pt; width:233pt; text-align:left; padding-top:1px; padding-right:1px; padding-left:1px; vertical-align:bottom; white-space:nowrap\" width=\"310\"><span style=\"font-size:11pt\"><span style=\"color:black\"><span style=\"font-weight:400\"><span style=\"font-style:normal\"><span style=\"text-decoration:none\"><span style=\"font-family:Calibri,sans-serif\">% 90 POLYAM\u0130D % 10 ELASTAN<br \/>\n\t\t\tT&uuml;m &ccedil;e\u015fitlerimiz, teniniz ile bar\u0131\u015f\u0131k, sa\u011fl\u0131\u011f\u0131n\u0131za &ouml;zen g&ouml;steren,<br \/>\n\t\t\tcildinize nefes ald\u0131ran ve t&uuml;m g&uuml;n giyime uygun \u015fekilde tasarlanm\u0131\u015ft\u0131r.<br \/>\n\t\t\t%100 Sa\u011fl\u0131kl\u0131 ve Hijyenik &Uuml;r&uuml;n<br \/>\n\t\t\tS&uuml;tyen Topu Kullanarak Y\u0131karsan\u0131z S&uuml;tyenin &Ouml;mr&uuml;n&uuml; Uzatm\u0131\u015f Olursunuz.<\/span><\/span><\/span><\/span><\/span><\/span><\/td>\n<\/tr>\n<\/tbody>\n<\/table>\n","protected":false},"excerpt":{"rendered":"<p>Pembe Destekli \u00c7ift \u00c7apraz Dantelli S\u00fctyen Tak\u0131m\u0131 4307<\/p>\n","protected":false},"featured_media":83471,"comment_status":"open","ping_status":"closed","template":"","meta":{"_kad_post_transparent":"","_kad_post_title":"","_kad_post_layout":"","_kad_post_sidebar_id":"","_kad_post_content_style":"","_kad_post_vertical_padding":"","_kad_post_feature":"","_kad_post_feature_position":"","_kad_post_header":false,"_kad_post_footer":false,"_kad_post_classname":""},"product_brand":[],"product_cat":[709,538,537],"product_tag":[],"class_list":{"0":"post-83472","1":"product","2":"type-product","3":"status-publish","4":"has-post-thumbnail","6":"product_cat-ic-camasiri-takimlari","7":"product_cat-ic-giyim","8":"product_cat-kadin","10":"first","11":"instock","12":"shipping-taxable","13":"purchasable","14":"product-type-simple","15":"entry","16":"content-bg","17":"loop-entry"},"_links":{"self":[{"href":"https:\/\/www.hediyepazar.com\/index.php?rest_route=\/wp\/v2\/product\/83472","targetHints":{"allow":["GET"]}}],"collection":[{"href":"https:\/\/www.hediyepazar.com\/index.php?rest_route=\/wp\/v2\/product"}],"about":[{"href":"https:\/\/www.hediyepazar.com\/index.php?rest_route=\/wp\/v2\/types\/product"}],"replies":[{"embeddable":true,"href":"https:\/\/www.hediyepazar.com\/index.php?rest_route=%2Fwp%2Fv2%2Fcomments&post=83472"}],"wp:featuredmedia":[{"embeddable":true,"href":"https:\/\/www.hediyepazar.com\/index.php?rest_route=\/wp\/v2\/media\/83471"}],"wp:attachment":[{"href":"https:\/\/www.hediyepazar.com\/index.php?rest_route=%2Fwp%2Fv2%2Fmedia&parent=83472"}],"wp:term":[{"taxonomy":"product_brand","embeddable":true,"href":"https:\/\/www.hediyepazar.com\/index.php?rest_route=%2Fwp%2Fv2%2Fproduct_brand&post=83472"},{"taxonomy":"product_cat","embeddable":true,"href":"https:\/\/www.hediyepazar.com\/index.php?rest_route=%2Fwp%2Fv2%2Fproduct_cat&post=83472"},{"taxonomy":"product_tag","embeddable":true,"href":"https:\/\/www.hediyepazar.com\/index.php?rest_route=%2Fwp%2Fv2%2Fproduct_tag&post=83472"}],"curies":[{"name":"wp","href":"https:\/\/api.w.org\/{rel}","templated":true}]}}