{"id":83519,"date":"2026-04-30T07:07:10","date_gmt":"2026-04-30T10:07:10","guid":{"rendered":"https:\/\/www.hediyepazar.com\/?product=2-adet-dogal-kabak-lifli-lavanta-sabunu"},"modified":"2026-04-30T07:07:10","modified_gmt":"2026-04-30T10:07:10","slug":"2-adet-dogal-kabak-lifli-lavanta-sabunu","status":"publish","type":"product","link":"https:\/\/www.hediyepazar.com\/?product=2-adet-dogal-kabak-lifli-lavanta-sabunu","title":{"rendered":"2 Adet Do\u011fal Kabak Lifli Lavanta Sabunu"},"content":{"rendered":"<div data-md=\"61\" lang=\"tr-TR\" style=\"border-radius:8px; -webkit-text-stroke-width:0px\">\n<div aria-level=\"3\" data-attrid=\"wa:\/description\" data-hveid=\"CBQQAA\" role=\"heading\" style=\"padding-bottom:20px\">\n<div data-md=\"61\" lang=\"tr-TR\" style=\"border-radius:8px; -webkit-text-stroke-width:0px\">\n<div aria-level=\"3\" data-attrid=\"wa:\/description\" data-hveid=\"CBQQAA\" role=\"heading\" style=\"padding-bottom:20px\">&nbsp;<\/div>\n<\/div>\n<table style=\"border-collapse:collapse; width:48pt; border:none\" width=\"64\">\n<colgroup>\n<col style=\"width:48pt\" width=\"64\" \/>\n\t<\/colgroup>\n<tbody>\n<tr height=\"20\" style=\"height:15.0pt\">\n<td height=\"20\" style=\"border:none; height:15.0pt; width:48pt; padding-top:1px; padding-right:1px; padding-left:1px; vertical-align:bottom; white-space:nowrap\" width=\"64\"><span style=\"font-size:11pt\"><span style=\"color:black\"><span style=\"font-weight:400\"><span style=\"font-style:normal\"><span style=\"text-decoration:none\"><span style=\"font-family:Calibri,sans-serif\">Cildin do\u011fal g&ouml;r&uuml;n&uuml;m&uuml;ne katk\u0131 sa\u011flar.<br \/>\n\t\t\tSa&ccedil;larda tonik etkisi yaratmas\u0131 sebebiyle sa&ccedil; diplerinin temizlenmesine faydal\u0131d\u0131r.<br \/>\n\t\t\tKepek gibi olumsuz d&ouml;k&uuml;nt&uuml;lerin giderilmesinde olduk&ccedil;a etkilidir.<br \/>\n\t\t\tLavanta sabununun i&ccedil;erisinde bulunan lavanta ya\u011f\u0131 ve zeytinya\u011f\u0131 ile birle\u015fen etkisi<br \/>\n\t\t\tsayesinde v&uuml;cuda terapi etkisi yapar.<br \/>\n\t\t\tPaket \u0130&ccedil;eri\u011fi : 2 Adet 125 Gram Sabun<\/span><\/span><\/span><\/span><\/span><\/span><\/td>\n<\/tr>\n<\/tbody>\n<\/table>\n<\/div>\n<\/div>\n","protected":false},"excerpt":{"rendered":"<p>2 Adet Do\u011fal Kabak Lifli Lavanta Sabunu<\/p>\n","protected":false},"featured_media":83518,"comment_status":"open","ping_status":"closed","template":"","meta":{"_kad_post_transparent":"","_kad_post_title":"","_kad_post_layout":"","_kad_post_sidebar_id":"","_kad_post_content_style":"","_kad_post_vertical_padding":"","_kad_post_feature":"","_kad_post_feature_position":"","_kad_post_header":false,"_kad_post_footer":false,"_kad_post_classname":""},"product_brand":[],"product_cat":[582,566,452],"product_tag":[],"class_list":{"0":"post-83519","1":"product","2":"type-product","3":"status-publish","4":"has-post-thumbnail","6":"product_cat-banyo-dus-urunleri","7":"product_cat-cilt-bakimi","8":"product_cat-kozmetik","10":"first","11":"instock","12":"shipping-taxable","13":"purchasable","14":"product-type-simple","15":"entry","16":"content-bg","17":"loop-entry"},"_links":{"self":[{"href":"https:\/\/www.hediyepazar.com\/index.php?rest_route=\/wp\/v2\/product\/83519","targetHints":{"allow":["GET"]}}],"collection":[{"href":"https:\/\/www.hediyepazar.com\/index.php?rest_route=\/wp\/v2\/product"}],"about":[{"href":"https:\/\/www.hediyepazar.com\/index.php?rest_route=\/wp\/v2\/types\/product"}],"replies":[{"embeddable":true,"href":"https:\/\/www.hediyepazar.com\/index.php?rest_route=%2Fwp%2Fv2%2Fcomments&post=83519"}],"wp:featuredmedia":[{"embeddable":true,"href":"https:\/\/www.hediyepazar.com\/index.php?rest_route=\/wp\/v2\/media\/83518"}],"wp:attachment":[{"href":"https:\/\/www.hediyepazar.com\/index.php?rest_route=%2Fwp%2Fv2%2Fmedia&parent=83519"}],"wp:term":[{"taxonomy":"product_brand","embeddable":true,"href":"https:\/\/www.hediyepazar.com\/index.php?rest_route=%2Fwp%2Fv2%2Fproduct_brand&post=83519"},{"taxonomy":"product_cat","embeddable":true,"href":"https:\/\/www.hediyepazar.com\/index.php?rest_route=%2Fwp%2Fv2%2Fproduct_cat&post=83519"},{"taxonomy":"product_tag","embeddable":true,"href":"https:\/\/www.hediyepazar.com\/index.php?rest_route=%2Fwp%2Fv2%2Fproduct_tag&post=83519"}],"curies":[{"name":"wp","href":"https:\/\/api.w.org\/{rel}","templated":true}]}}