{"id":83531,"date":"2026-04-30T07:07:43","date_gmt":"2026-04-30T10:07:43","guid":{"rendered":"https:\/\/www.hediyepazar.com\/?product=sunger-ve-deterjan-hazneli-lavabo-duzenleyici-sabunluk-organizer"},"modified":"2026-04-30T07:07:43","modified_gmt":"2026-04-30T10:07:43","slug":"sunger-ve-deterjan-hazneli-lavabo-duzenleyici-sabunluk-organizer","status":"publish","type":"product","link":"https:\/\/www.hediyepazar.com\/?product=sunger-ve-deterjan-hazneli-lavabo-duzenleyici-sabunluk-organizer","title":{"rendered":"S\u00fcnger ve Deterjan Hazneli Lavabo D\u00fczenleyici Sabunluk Organizer"},"content":{"rendered":"<table style=\"border-collapse:collapse; width:175pt; border:none\" width=\"234\">\n<colgroup>\n<col style=\"width:175pt\" width=\"234\" \/>\n\t<\/colgroup>\n<tbody>\n<tr height=\"21\" style=\"height:15.6pt\">\n<td height=\"21\" style=\"border:none; height:15.6pt; width:175pt; padding-top:1px; padding-right:1px; padding-left:1px; vertical-align:bottom; white-space:nowrap\" width=\"234\"><span style=\"font-size:11pt\"><span style=\"color:black\"><span style=\"font-weight:400\"><span style=\"font-style:normal\"><span style=\"text-decoration:none\"><span style=\"font-family:Calibri,sans-serif\">S&uuml;nger ve Deterjan Hazneli Lavabo D&uuml;zenleyici Sabunluk Organizer<br \/>\n\t\t\t&nbsp;<br \/>\n\t\t\tDeterjan Hazneli S&uuml;ngerlik tasar\u0131m\u0131yla mutfaklar\u0131n\u0131zda rahal\u0131k sa\u011flar.<br \/>\n\t\t\tS&uuml;nger, bula\u015f\u0131k teli veya bezlerini bir arada tutacak geni\u015f arka haznesi ile<br \/>\n\t\t\tmutfaklardaki karma\u015faya son vererek daha fazla kullan\u0131m alan\u0131 sa\u011flar.<\/p>\n<p>\t\t\tS\u0131v\u0131 bula\u015f\u0131k deterjan\u0131 i&ccedil;in pratik ve hijyenik kullan\u0131m sa\u011flar. S\u0131v\u0131 deterjan<br \/>\n\t\t\thaznesinin dozaj ayar\u0131 sayesinde deterjan israf\u0131n\u0131 &ouml;nleyerek tasarruf etmenize imkan verir.<\/p>\n<p>\t\t\t&Ouml;zel tasar\u0131m\u0131 ile y&uuml;z&uuml;klerinizi aramakta vakit kaybetmezsiniz.<br \/>\n\t\t\tZarif tasar\u0131m\u0131, kullan\u0131\u015fl\u0131 formu ve &uuml;st&uuml;n &ouml;zellikleri ile deterjan hazneli s&uuml;ngerlik, mutfaklara hijyen ve esteti\u011fi getirir.<\/p>\n<p>\t\t\tS&uuml;nger Hazneli S\u0131v\u0131 Sabunluk S&uuml;ngerlikli S\u0131v\u0131 Sabunluk D&uuml;zenleyici &Ouml;zellikleri:<br \/>\n\t\t\t&nbsp;S\u0131v\u0131 Sabunluk Lavabo D&uuml;zenleyici; s&uuml;ngeri, bula\u015f\u0131k teli veya bezlerinizi bir arada tutar.<br \/>\n\t\t\tGeni\u015f arka haznesi ile mutfaklar\u0131n\u0131zdaki karma\u015faya son vererek daha fazla kullan\u0131m alan\u0131 sunar.<br \/>\n\t\t\tS\u0131v\u0131 bula\u015f\u0131k deterjan\u0131 i&ccedil;in pratik ve hijyenik kullan\u0131m imkan\u0131.<br \/>\n\t\t\tS\u0131v\u0131 deterjan haznesinin dozaj ayar\u0131 sayesinde, deterjan israf\u0131n\u0131 &ouml;nleyerek tasarruf edebilirsiniz.<\/p>\n<p>\t\t\tS&uuml;nger Hazneli S\u0131v\u0131 Sabunluk Boyutlar\u0131:<br \/>\n\t\t\t&nbsp;Geni\u015flik: 26 cm<br \/>\n\t\t\tY&uuml;kseklik: 17 cm<br \/>\n\t\t\tDerinlik: 8cm<\/p>\n<p>\t\t\tDeterjan Hazneli S&uuml;ngerlik Paket \u0130&ccedil;eri\u011fi:<br \/>\n\t\t\t&nbsp;1 Adet Deterjan Hazneli S&uuml;ngerlik.<\/span><\/span><\/span><\/span><\/span><\/span><\/td>\n<\/tr>\n<\/tbody>\n<\/table>\n","protected":false},"excerpt":{"rendered":"<p>S\u00fcnger ve Deterjan Hazneli Lavabo D\u00fczenleyici Sabunluk Organizer<\/p>\n","protected":false},"featured_media":83530,"comment_status":"open","ping_status":"closed","template":"","meta":{"_kad_post_transparent":"","_kad_post_title":"","_kad_post_layout":"","_kad_post_sidebar_id":"","_kad_post_content_style":"","_kad_post_vertical_padding":"","_kad_post_feature":"","_kad_post_feature_position":"","_kad_post_header":false,"_kad_post_footer":false,"_kad_post_classname":""},"product_brand":[],"product_cat":[611,612,557],"product_tag":[],"class_list":{"0":"post-83531","1":"product","2":"type-product","3":"status-publish","4":"has-post-thumbnail","6":"product_cat-banyo","7":"product_cat-banyo-aksesuarlari","8":"product_cat-ev-yasam","10":"first","11":"instock","12":"shipping-taxable","13":"purchasable","14":"product-type-simple","15":"entry","16":"content-bg","17":"loop-entry"},"_links":{"self":[{"href":"https:\/\/www.hediyepazar.com\/index.php?rest_route=\/wp\/v2\/product\/83531","targetHints":{"allow":["GET"]}}],"collection":[{"href":"https:\/\/www.hediyepazar.com\/index.php?rest_route=\/wp\/v2\/product"}],"about":[{"href":"https:\/\/www.hediyepazar.com\/index.php?rest_route=\/wp\/v2\/types\/product"}],"replies":[{"embeddable":true,"href":"https:\/\/www.hediyepazar.com\/index.php?rest_route=%2Fwp%2Fv2%2Fcomments&post=83531"}],"wp:featuredmedia":[{"embeddable":true,"href":"https:\/\/www.hediyepazar.com\/index.php?rest_route=\/wp\/v2\/media\/83530"}],"wp:attachment":[{"href":"https:\/\/www.hediyepazar.com\/index.php?rest_route=%2Fwp%2Fv2%2Fmedia&parent=83531"}],"wp:term":[{"taxonomy":"product_brand","embeddable":true,"href":"https:\/\/www.hediyepazar.com\/index.php?rest_route=%2Fwp%2Fv2%2Fproduct_brand&post=83531"},{"taxonomy":"product_cat","embeddable":true,"href":"https:\/\/www.hediyepazar.com\/index.php?rest_route=%2Fwp%2Fv2%2Fproduct_cat&post=83531"},{"taxonomy":"product_tag","embeddable":true,"href":"https:\/\/www.hediyepazar.com\/index.php?rest_route=%2Fwp%2Fv2%2Fproduct_tag&post=83531"}],"curies":[{"name":"wp","href":"https:\/\/api.w.org\/{rel}","templated":true}]}}