{"id":83579,"date":"2026-04-30T07:13:28","date_gmt":"2026-04-30T10:13:28","guid":{"rendered":"https:\/\/www.hediyepazar.com\/?product=kadin-ici-pamuklu-termal-pijama-tayt-iclik-siyah"},"modified":"2026-04-30T07:13:28","modified_gmt":"2026-04-30T10:13:28","slug":"kadin-ici-pamuklu-termal-pijama-tayt-iclik-siyah","status":"publish","type":"product","link":"https:\/\/www.hediyepazar.com\/?product=kadin-ici-pamuklu-termal-pijama-tayt-iclik-siyah","title":{"rendered":"Kad\u0131n \u0130\u00e7i Pamuklu Termal Pijama Tayt \u0130\u00e7lik Siyah"},"content":{"rendered":"<p>Unisex \u0130&ccedil;i Pamuklu Termal Pijama Tayt \u0130&ccedil;lik Siyah<br \/>\nKad\u0131n termal pijama alt\u0131 veya erkek termal i&ccedil;lik olarak kullab\u0131labilir.<br \/>\n\u0130&ccedil; dokusu pamukludur ve pelu\u015f bir yap\u0131ya sahiptir.<br \/>\nIs\u0131y\u0131 v&uuml;cutta tutarak ekstra s\u0131cakl\u0131k verir.<br \/>\nTermal i&ccedil;lik kad\u0131n ve erkek kullanabilir.<br \/>\nBeli lastikli yap\u0131dad\u0131r.<br \/>\nY&uuml;ksek kalite kuma\u015f yap\u0131s\u0131 ile rahatl\u0131k ve konfor sa\u011flar.<br \/>\nErkek pijama veya kad\u0131n pijama olarak kullan\u0131labilir.<br \/>\nErkek termal i&ccedil;lik veya kad\u0131n termal tayt olarak kullan\u0131labilir.<br \/>\n1 adet g&ouml;nderilecektir.<br \/>\nRenk siyah<br \/>\nRoyaleks ailesi olarak mutlu g&uuml;nlerde kullanman\u0131z\u0131 temenni ederiz.<br \/>\n&nbsp;<\/p>\n","protected":false},"excerpt":{"rendered":"<p>Kad\u0131n \u0130\u00e7i Pamuklu Termal Pijama Tayt \u0130\u00e7lik Siyah<\/p>\n","protected":false},"featured_media":83578,"comment_status":"open","ping_status":"closed","template":"","meta":{"_kad_post_transparent":"","_kad_post_title":"","_kad_post_layout":"","_kad_post_sidebar_id":"","_kad_post_content_style":"","_kad_post_vertical_padding":"","_kad_post_feature":"","_kad_post_feature_position":"","_kad_post_header":false,"_kad_post_footer":false,"_kad_post_classname":""},"product_brand":[],"product_cat":[457,537,567],"product_tag":[],"class_list":{"0":"post-83579","1":"product","2":"type-product","3":"status-publish","4":"has-post-thumbnail","6":"product_cat-giyim","7":"product_cat-kadin","8":"product_cat-termal-giyim","10":"first","11":"instock","12":"shipping-taxable","13":"purchasable","14":"product-type-simple","15":"entry","16":"content-bg","17":"loop-entry"},"_links":{"self":[{"href":"https:\/\/www.hediyepazar.com\/index.php?rest_route=\/wp\/v2\/product\/83579","targetHints":{"allow":["GET"]}}],"collection":[{"href":"https:\/\/www.hediyepazar.com\/index.php?rest_route=\/wp\/v2\/product"}],"about":[{"href":"https:\/\/www.hediyepazar.com\/index.php?rest_route=\/wp\/v2\/types\/product"}],"replies":[{"embeddable":true,"href":"https:\/\/www.hediyepazar.com\/index.php?rest_route=%2Fwp%2Fv2%2Fcomments&post=83579"}],"wp:featuredmedia":[{"embeddable":true,"href":"https:\/\/www.hediyepazar.com\/index.php?rest_route=\/wp\/v2\/media\/83578"}],"wp:attachment":[{"href":"https:\/\/www.hediyepazar.com\/index.php?rest_route=%2Fwp%2Fv2%2Fmedia&parent=83579"}],"wp:term":[{"taxonomy":"product_brand","embeddable":true,"href":"https:\/\/www.hediyepazar.com\/index.php?rest_route=%2Fwp%2Fv2%2Fproduct_brand&post=83579"},{"taxonomy":"product_cat","embeddable":true,"href":"https:\/\/www.hediyepazar.com\/index.php?rest_route=%2Fwp%2Fv2%2Fproduct_cat&post=83579"},{"taxonomy":"product_tag","embeddable":true,"href":"https:\/\/www.hediyepazar.com\/index.php?rest_route=%2Fwp%2Fv2%2Fproduct_tag&post=83579"}],"curies":[{"name":"wp","href":"https:\/\/api.w.org\/{rel}","templated":true}]}}