{"id":83662,"date":"2026-04-30T07:18:34","date_gmt":"2026-04-30T10:18:34","guid":{"rendered":"https:\/\/www.hediyepazar.com\/?product=buyuk-boy-1-kalite-emaye-caydanlik-takimi-mavi-beyaz-desenli"},"modified":"2026-04-30T07:18:34","modified_gmt":"2026-04-30T10:18:34","slug":"buyuk-boy-1-kalite-emaye-caydanlik-takimi-mavi-beyaz-desenli","status":"publish","type":"product","link":"https:\/\/www.hediyepazar.com\/?product=buyuk-boy-1-kalite-emaye-caydanlik-takimi-mavi-beyaz-desenli","title":{"rendered":"B\u00fcy\u00fck Boy 1. kalite Emaye \u00c7aydanl\u0131k Tak\u0131m\u0131 &#8211; Mavi Beyaz Desenli"},"content":{"rendered":"<table style=\"border-collapse:collapse; width:170pt; border:none\" width=\"227\">\n<colgroup>\n<col style=\"width:170pt\" width=\"227\" \/>\n\t<\/colgroup>\n<tbody>\n<tr height=\"20\" style=\"height:15.0pt\">\n<td height=\"20\" style=\"border:none; height:15.0pt; width:170pt; padding-top:1px; padding-right:1px; padding-left:1px; vertical-align:bottom; white-space:nowrap\" width=\"227\"><span style=\"font-size:11pt\"><span style=\"color:black\"><span style=\"font-weight:400\"><span style=\"font-style:normal\"><span style=\"text-decoration:none\"><span style=\"font-family:Calibri,sans-serif\">Toz haline gelmi\u015f cam, kil ve bile\u015fenlerininin, \u0131slak veya kuru y&ouml;ntemler ile &uuml;r&uuml;n &uuml;zerine kaplanmas\u0131n\u0131n ard\u0131ndan<br \/>\n\t\t\tortalama 800-900 derecelik f\u0131r\u0131nlar i&ccedil;erisinde 40-60 dk s&uuml;re band\u0131nda pi\u015firilerek &uuml;r&uuml;n y&uuml;zeyi &uuml;zerinde cam t&uuml;revi<br \/>\n\t\t\tsa\u011fl\u0131kl\u0131 bir kaplama olu\u015fmas\u0131n\u0131n sa\u011flanmas\u0131d\u0131r. Temelinde kil ve cam\u0131n bile\u015fenleri bulunan kaplama,<br \/>\n\t\t\tg&uuml;n&uuml;m&uuml;z kaplama y&ouml;ntemlerinden farkl\u0131 olarak insan sa\u011fl\u0131\u011f\u0131 a&ccedil;\u0131s\u0131ndan herhangi bir zararl\u0131 bile\u015fen bar\u0131nd\u0131rmamaktad\u0131r.<br \/>\n\t\t\tBu nedenlerden &ouml;t&uuml;r&uuml; Emaye SA\u011eLIKLIDIR.<\/p>\n<p>\t\t\tAlt &ouml;l&ccedil;&uuml;: 2,60 lt<br \/>\n\t\t\t&Uuml;st &ouml;l&ccedil;&uuml;: 1,40 lt<br \/>\n\t\t\t&Uuml;r&uuml;nlerimiz piyasadakilerden daha b&uuml;y&uuml;kt&uuml;r.<br \/>\n\t\t\t0,80 mm sa&ccedil;tan &uuml;retilmi\u015f olup dayan\u0131kl\u0131d\u0131r.<\/span><\/span><\/span><\/span><\/span><\/span><\/td>\n<\/tr>\n<\/tbody>\n<\/table>\n","protected":false},"excerpt":{"rendered":"<p>B\u00fcy\u00fck Boy 1. kalite Emaye \u00c7aydanl\u0131k Tak\u0131m\u0131 &#8211; Mavi Beyaz Desenli<\/p>\n","protected":false},"featured_media":83661,"comment_status":"open","ping_status":"closed","template":"","meta":{"_kad_post_transparent":"","_kad_post_title":"","_kad_post_layout":"","_kad_post_sidebar_id":"","_kad_post_content_style":"","_kad_post_vertical_padding":"","_kad_post_feature":"","_kad_post_feature_position":"","_kad_post_header":false,"_kad_post_footer":false,"_kad_post_classname":""},"product_brand":[],"product_cat":[659,557,558],"product_tag":[],"class_list":{"0":"post-83662","1":"product","2":"type-product","3":"status-publish","4":"has-post-thumbnail","6":"product_cat-cay-ve-kahve-demleme","7":"product_cat-ev-yasam","8":"product_cat-sofra-mutfak-2","10":"first","11":"instock","12":"shipping-taxable","13":"purchasable","14":"product-type-simple","15":"entry","16":"content-bg","17":"loop-entry"},"_links":{"self":[{"href":"https:\/\/www.hediyepazar.com\/index.php?rest_route=\/wp\/v2\/product\/83662","targetHints":{"allow":["GET"]}}],"collection":[{"href":"https:\/\/www.hediyepazar.com\/index.php?rest_route=\/wp\/v2\/product"}],"about":[{"href":"https:\/\/www.hediyepazar.com\/index.php?rest_route=\/wp\/v2\/types\/product"}],"replies":[{"embeddable":true,"href":"https:\/\/www.hediyepazar.com\/index.php?rest_route=%2Fwp%2Fv2%2Fcomments&post=83662"}],"wp:featuredmedia":[{"embeddable":true,"href":"https:\/\/www.hediyepazar.com\/index.php?rest_route=\/wp\/v2\/media\/83661"}],"wp:attachment":[{"href":"https:\/\/www.hediyepazar.com\/index.php?rest_route=%2Fwp%2Fv2%2Fmedia&parent=83662"}],"wp:term":[{"taxonomy":"product_brand","embeddable":true,"href":"https:\/\/www.hediyepazar.com\/index.php?rest_route=%2Fwp%2Fv2%2Fproduct_brand&post=83662"},{"taxonomy":"product_cat","embeddable":true,"href":"https:\/\/www.hediyepazar.com\/index.php?rest_route=%2Fwp%2Fv2%2Fproduct_cat&post=83662"},{"taxonomy":"product_tag","embeddable":true,"href":"https:\/\/www.hediyepazar.com\/index.php?rest_route=%2Fwp%2Fv2%2Fproduct_tag&post=83662"}],"curies":[{"name":"wp","href":"https:\/\/api.w.org\/{rel}","templated":true}]}}