{"id":83752,"date":"2026-04-30T07:23:48","date_gmt":"2026-04-30T10:23:48","guid":{"rendered":"https:\/\/www.hediyepazar.com\/?product=iphone-earpods-lightning-konnektorlu-kablolu-mikrofonlu-kulakici-kulaklik"},"modified":"2026-04-30T07:23:48","modified_gmt":"2026-04-30T10:23:48","slug":"iphone-earpods-lightning-konnektorlu-kablolu-mikrofonlu-kulakici-kulaklik","status":"publish","type":"product","link":"https:\/\/www.hediyepazar.com\/?product=iphone-earpods-lightning-konnektorlu-kablolu-mikrofonlu-kulakici-kulaklik","title":{"rendered":"\u0130phone Earpods Lightning Konnekt\u00f6rl\u00fc Kablolu Mikrofonlu Kulaki\u00e7i Kulakl\u0131k"},"content":{"rendered":"<p>\u0130phone Earpods Lightning Konnekt&ouml;rl&uuml; Kablolu Mikrofonlu Kulaki&ccedil;i Kulakl\u0131k&nbsp;<\/p>\n<p>Kablolu kulaki&ccedil;i kulakl\u0131k<br \/>\nTak &Ccedil;al\u0131\u015ft\u0131r<br \/>\nArama cevaplama ve biirme<br \/>\nSes a&ccedil;\u0131p kapama<br \/>\nLightning giri\u015f<br \/>\nDaha derin daha zengin bas tonlar\u0131<br \/>\nVideo M&uuml;zik &Ccedil;alma ve Durdurma<\/p>\n<p>\n&nbsp;<\/p>\n","protected":false},"excerpt":{"rendered":"<p>\u0130phone Earpods Lightning Konnekt\u00f6rl\u00fc Kablolu Mikrofonlu Kulaki\u00e7i Kulakl\u0131k<\/p>\n","protected":false},"featured_media":83751,"comment_status":"open","ping_status":"closed","template":"","meta":{"_kad_post_transparent":"","_kad_post_title":"","_kad_post_layout":"","_kad_post_sidebar_id":"","_kad_post_content_style":"","_kad_post_vertical_padding":"","_kad_post_feature":"","_kad_post_feature_position":"","_kad_post_header":false,"_kad_post_footer":false,"_kad_post_classname":""},"product_brand":[],"product_cat":[449,595,594],"product_tag":[],"class_list":{"0":"post-83752","1":"product","2":"type-product","3":"status-publish","4":"has-post-thumbnail","6":"product_cat-elektronik","7":"product_cat-kulakici-kulaklik","8":"product_cat-kulaklik","10":"first","11":"instock","12":"shipping-taxable","13":"purchasable","14":"product-type-simple","15":"entry","16":"content-bg","17":"loop-entry"},"_links":{"self":[{"href":"https:\/\/www.hediyepazar.com\/index.php?rest_route=\/wp\/v2\/product\/83752","targetHints":{"allow":["GET"]}}],"collection":[{"href":"https:\/\/www.hediyepazar.com\/index.php?rest_route=\/wp\/v2\/product"}],"about":[{"href":"https:\/\/www.hediyepazar.com\/index.php?rest_route=\/wp\/v2\/types\/product"}],"replies":[{"embeddable":true,"href":"https:\/\/www.hediyepazar.com\/index.php?rest_route=%2Fwp%2Fv2%2Fcomments&post=83752"}],"wp:featuredmedia":[{"embeddable":true,"href":"https:\/\/www.hediyepazar.com\/index.php?rest_route=\/wp\/v2\/media\/83751"}],"wp:attachment":[{"href":"https:\/\/www.hediyepazar.com\/index.php?rest_route=%2Fwp%2Fv2%2Fmedia&parent=83752"}],"wp:term":[{"taxonomy":"product_brand","embeddable":true,"href":"https:\/\/www.hediyepazar.com\/index.php?rest_route=%2Fwp%2Fv2%2Fproduct_brand&post=83752"},{"taxonomy":"product_cat","embeddable":true,"href":"https:\/\/www.hediyepazar.com\/index.php?rest_route=%2Fwp%2Fv2%2Fproduct_cat&post=83752"},{"taxonomy":"product_tag","embeddable":true,"href":"https:\/\/www.hediyepazar.com\/index.php?rest_route=%2Fwp%2Fv2%2Fproduct_tag&post=83752"}],"curies":[{"name":"wp","href":"https:\/\/api.w.org\/{rel}","templated":true}]}}