{"id":839,"date":"2026-04-21T16:28:13","date_gmt":"2026-04-21T19:28:13","guid":{"rendered":"https:\/\/www.hediyepazar.com\/?post_type=product&#038;p=839"},"modified":"2026-04-21T16:38:43","modified_gmt":"2026-04-21T19:38:43","slug":"modal-v-yaka-tisort-test","status":"publish","type":"product","link":"https:\/\/www.hediyepazar.com\/?product=modal-v-yaka-tisort-test","title":{"rendered":"Modal V Yaka Ti\u015f\u00f6rt test"},"content":{"rendered":"<p style=\"text-align: center;\"><strong>SENSE OF TOUCH<\/strong><\/p>\n<p style=\"text-align: center;\"><strong>Modal V Yaka Ti\u015f\u00f6rt \u2013 \u0130peksi Konfor, Keskin Hatlar<\/strong><\/p>\n<p style=\"text-align: center;\">Gard\u0131robunuzun en temel ve vazge\u00e7ilmez par\u00e7as\u0131na rafine bir dokunu\u015f eklemeye haz\u0131r m\u0131s\u0131n\u0131z? Modal liflerinin sundu\u011fu o benzersiz yumu\u015fakl\u0131\u011f\u0131 modern bir formla bulu\u015fturan bu V yaka ti\u015f\u00f6rt, nefes alan tamamen do\u011fal yap\u0131s\u0131 ve ipeksi tu\u015fesiyle stilinize an\u0131nda ferah bir ivme kazand\u0131r\u0131yor. Tasar\u0131m\u0131n beraberinde getirdi\u011fi o yal\u0131n zarafeti ve her ortama uyum sa\u011flayan minimalist karakterini \u00fczerinizde ta\u015f\u0131rken, kendinizi her an g\u00fcncel ve \u00f6zg\u00fcr hissedeceksiniz.<\/p>\n<p style=\"text-align: center;\">Y\u00fcksek kaliteli modal doku, do\u011fall\u0131\u011f\u0131n sundu\u011fu t\u00fcm ferahl\u0131\u011f\u0131 her dokunu\u015fta hissetmenizi sa\u011farken; derin V yaka kesimi boyun hatt\u0131n\u0131z\u0131 zarif\u00e7e vurgulayarak sil\u00fcetinize an\u0131nda modern bir derinlik ve asalet katar. V\u00fccut hatlar\u0131n\u0131 nazik\u00e7e takip eden ama hareket \u00f6zg\u00fcrl\u00fc\u011f\u00fcnden \u00f6d\u00fcn vermeyen formu, duru\u015funuza \u00e7abas\u0131z bir \u015f\u0131kl\u0131k kazand\u0131r\u0131r. Do\u011fal i\u00e7eri\u011fiyle do\u011fall\u0131\u011fa yap\u0131lan bu g\u00fc\u00e7l\u00fc vurgu, par\u00e7aya hem s\u00fcrd\u00fcr\u00fclebilir bir de\u011fer hem de stiliniz i\u00e7in zamans\u0131z bir g\u00fc\u00e7 kat\u0131yor.<\/p>\n<p style=\"text-align: center;\">Zahmetsiz bir \u015fehir \u015f\u0131kl\u0131\u011f\u0131 yakalamak i\u00e7in alt\u0131na y\u00fcksek bel denim \u015fortlar veya d\u00f6k\u00fcml\u00fc keten pantolonlar ekleyebilir; stilinizi s\u00fcet spor ayakkab\u0131lar ve ask\u0131l\u0131 \u00e7antalarla b\u00fct\u00fcnleyerek dikkat \u00e7ekici bir g\u00f6r\u00fcn\u00fcm elde edebilirsiniz. \u00c7er\u00e7eve detayl\u0131 g\u00fcne\u015f g\u00f6zl\u00fckleriyle stilinize rafine bir son dokunu\u015f yap\u0131n. Hem yo\u011fun \u015fehir temposunda hem de sakin hafta sonu sabahlar\u0131nda yan\u0131n\u0131zdan ay\u0131rmak istemeyece\u011finiz kadar fonksiyonel bir se\u00e7im. OXXO kad\u0131nlar\u0131n\u0131n \u00f6zg\u00fcr ve do\u011fal ruhunu yans\u0131tan bu ti\u015f\u00f6rt, gard\u0131robunuzun en taze ba\u015flang\u0131\u00e7 noktalar\u0131ndan biri olacak.<\/p>\n<p style=\"text-align: center;\"><strong>\u00d6zellikler:<\/strong><\/p>\n<p style=\"text-align: center;\">\u2022 Modal i\u00e7erikli, nefes alan, ipeksi tu\u015feli ve kaliteli tamamen do\u011fal dokuma kuma\u015f<\/p>\n<p style=\"text-align: center;\">\u2022 Sil\u00fcete modern ve ferah bir hava katan \u015f\u0131k V yaka tasar\u0131m\u0131<\/p>\n<p style=\"text-align: center;\">\u2022 Konforu \u00f6n plana \u00e7\u0131karan rahat form ve bedeni nazik\u00e7e kucaklayan yap\u0131<\/p>\n<p style=\"text-align: center;\">\u2022 Her mevsime ve farkl\u0131 katmanl\u0131 stillere e\u015flik eden zamans\u0131z minimalist duru\u015f<\/p>\n<p style=\"text-align: center;\">Do\u011fal liflerin sundu\u011fu benzersiz yumu\u015fakl\u0131\u011f\u0131 ve V yakan\u0131n modern asaletini her an \u00fczerinizde ta\u015f\u0131mak isterseniz; bu modal ti\u015f\u00f6rt tam sizin ruhunuza g\u00f6re.\u00a0<img decoding=\"async\" class=\"emoji\" role=\"img\" draggable=\"false\" src=\"https:\/\/s.w.org\/images\/core\/emoji\/17.0.2\/svg\/2601.svg\" alt=\"\u2601\ufe0f\" \/><img decoding=\"async\" class=\"emoji\" role=\"img\" draggable=\"false\" src=\"https:\/\/s.w.org\/images\/core\/emoji\/17.0.2\/svg\/1f33f.svg\" alt=\"\ud83c\udf3f\" \/><\/p>\n<p style=\"text-align: center;\"><strong>Fit<\/strong>: Close \/\u00a0<strong>Yaka<\/strong>: V-Neck \/\u00a0<strong>Kol<\/strong>: Short Sleeve<\/p>\n<p style=\"text-align: center;\">S Beden \u00d6l\u00e7\u00fc;<\/p>\n<p style=\"text-align: center;\"><strong>Beden Boyu<\/strong>: 62cm \/\u00a0<strong>Omuz Geni\u015fli\u011fi:<\/strong>\u00a036cm \/\u00a0<strong>Kol Boyu<\/strong>: 14.5cm<\/p>\n<p style=\"text-align: center;\">Modal kar\u0131\u015f\u0131ml\u0131 \u00f6zel doku, ekstra yumu\u015fak kuma\u015f, bedenden uzak loose fit, V yaka, k\u0131sa kollu.<\/p>\n","protected":false},"excerpt":{"rendered":"<p>SENSE OF TOUCH Modal V Yaka Ti\u015f\u00f6rt \u2013 \u0130peksi Konfor, Keskin Hatlar Gard\u0131robunuzun en temel ve vazge\u00e7ilmez par\u00e7as\u0131na rafine bir dokunu\u015f eklemeye haz\u0131r m\u0131s\u0131n\u0131z? Modal liflerinin sundu\u011fu o benzersiz yumu\u015fakl\u0131\u011f\u0131 modern bir formla bulu\u015fturan bu V yaka ti\u015f\u00f6rt, nefes alan tamamen do\u011fal yap\u0131s\u0131 ve ipeksi tu\u015fesiyle stilinize an\u0131nda ferah bir ivme kazand\u0131r\u0131yor. Tasar\u0131m\u0131n beraberinde getirdi\u011fi&#8230;<\/p>\n","protected":false},"featured_media":780,"comment_status":"open","ping_status":"closed","template":"","meta":{"_kad_post_transparent":"default","_kad_post_title":"","_kad_post_layout":"default","_kad_post_sidebar_id":"","_kad_post_content_style":"default","_kad_post_vertical_padding":"default","_kad_post_feature":"","_kad_post_feature_position":"","_kad_post_header":false,"_kad_post_footer":false,"_kad_post_classname":""},"product_brand":[],"product_cat":[46,39,49,109,77,78,23,51,45,50,40,52,48,47],"product_tag":[],"class_list":{"0":"post-839","1":"product","2":"type-product","3":"status-publish","4":"has-post-thumbnail","6":"product_cat-aksesuar","7":"product_cat-bijuteri","8":"product_cat-cuzdanlar","9":"product_cat-elektronik","10":"product_cat-firsat-urunler","11":"product_cat-flas-urunler","12":"product_cat-genel","13":"product_cat-gozlukler","14":"product_cat-halhal","15":"product_cat-kemerler","16":"product_cat-kolyeler","17":"product_cat-kozmetik","18":"product_cat-saatler","19":"product_cat-yuzukler","21":"first","22":"instock","23":"shipping-taxable","24":"purchasable","25":"product-type-variable","26":"entry","27":"content-bg","28":"loop-entry"},"_links":{"self":[{"href":"https:\/\/www.hediyepazar.com\/index.php?rest_route=\/wp\/v2\/product\/839","targetHints":{"allow":["GET"]}}],"collection":[{"href":"https:\/\/www.hediyepazar.com\/index.php?rest_route=\/wp\/v2\/product"}],"about":[{"href":"https:\/\/www.hediyepazar.com\/index.php?rest_route=\/wp\/v2\/types\/product"}],"replies":[{"embeddable":true,"href":"https:\/\/www.hediyepazar.com\/index.php?rest_route=%2Fwp%2Fv2%2Fcomments&post=839"}],"wp:featuredmedia":[{"embeddable":true,"href":"https:\/\/www.hediyepazar.com\/index.php?rest_route=\/wp\/v2\/media\/780"}],"wp:attachment":[{"href":"https:\/\/www.hediyepazar.com\/index.php?rest_route=%2Fwp%2Fv2%2Fmedia&parent=839"}],"wp:term":[{"taxonomy":"product_brand","embeddable":true,"href":"https:\/\/www.hediyepazar.com\/index.php?rest_route=%2Fwp%2Fv2%2Fproduct_brand&post=839"},{"taxonomy":"product_cat","embeddable":true,"href":"https:\/\/www.hediyepazar.com\/index.php?rest_route=%2Fwp%2Fv2%2Fproduct_cat&post=839"},{"taxonomy":"product_tag","embeddable":true,"href":"https:\/\/www.hediyepazar.com\/index.php?rest_route=%2Fwp%2Fv2%2Fproduct_tag&post=839"}],"curies":[{"name":"wp","href":"https:\/\/api.w.org\/{rel}","templated":true}]}}