{"id":83933,"date":"2026-04-30T07:35:19","date_gmt":"2026-04-30T10:35:19","guid":{"rendered":"https:\/\/www.hediyepazar.com\/?product=opusen-cift-muzik-kutusu-yf-2276"},"modified":"2026-04-30T07:35:19","modified_gmt":"2026-04-30T10:35:19","slug":"opusen-cift-muzik-kutusu-yf-2276","status":"publish","type":"product","link":"https:\/\/www.hediyepazar.com\/?product=opusen-cift-muzik-kutusu-yf-2276","title":{"rendered":"\u00d6p\u00fc\u015fen \u00c7ift M\u00fczik Kutusu Yf-2276"},"content":{"rendered":"<table style=\"border-collapse:collapse; width:170pt; border:none\" width=\"227\">\n<colgroup>\n<col style=\"width:170pt\" width=\"227\" \/>\n\t<\/colgroup>\n<tbody>\n<tr height=\"20\" style=\"height:15.0pt\">\n<td height=\"20\" style=\"border:none; height:15.0pt; width:170pt; padding-top:1px; padding-right:1px; padding-left:1px; vertical-align:bottom; white-space:nowrap\" width=\"227\"><span style=\"font-size:11pt\"><span style=\"color:black\"><span style=\"font-weight:400\"><span style=\"font-style:normal\"><span style=\"text-decoration:none\"><span style=\"font-family:Calibri,sans-serif\">Nostaljik radyo tasar\u0131ml\u0131 m&uuml;zik kutusunun &uuml;zerinde bulunan &ouml;p&uuml;\u015fen sevgililer ile m&uuml;zik kutusu daha ho\u015f bir hale geliyor.<br \/>\n\t\t\tRadyo \u015feklinde m&uuml;zik kutusu g&ouml;r&uuml;n&uuml;m&uuml; ve \u015f\u0131k tasar\u0131m\u0131 ile ilgi &ccedil;ekmektedir.<br \/>\n\t\t\tSevdi\u011finiz ki\u015filere verece\u011finiz anlaml\u0131 hediyelerden olan m&uuml;zik kutusu ile sevdi\u011finiz ki\u015filere anlaml\u0131 hediye.<br \/>\n\t\t\tM&uuml;zik kutusunu &ccedil;al\u0131\u015ft\u0131rd\u0131\u011f\u0131n\u0131z zaman &ouml;p&uuml;\u015fen &ccedil;iftler d&ouml;nmeye ba\u015flar.<br \/>\n\t\t\t&Uuml;r&uuml;n &ouml;zellikleri:<br \/>\n\t\t\t* kaliteli sert plastik malzemeden &uuml;retilmi\u015ftir.<br \/>\n\t\t\t* radyo tasar\u0131m\u0131na sahiptir.<br \/>\n\t\t\t* kurma kolu ile kurulur ve m&uuml;zik &ccedil;almaya ba\u015flar.<br \/>\n\t\t\t* &uuml;zerinde bulunan &ccedil;iftler &ouml;p&uuml;\u015fmeye ba\u015flar .<br \/>\n\t\t\t* tu\u015f kapa\u011f\u0131n\u0131 a&ccedil;t\u0131\u011f\u0131n\u0131zda &uuml;zerine koydu\u011funuz &ccedil;iftler &ouml;p&uuml;\u015fmeye ba\u015flar.<br \/>\n\t\t\t* m&uuml;zik kutusunun yan\u0131ndaki mandal vas\u0131tas\u0131yla &ccedil;evirerek kurabilirsiniz.<br \/>\n\t\t\t&Uuml;r&uuml;n &ouml;l&ccedil;&uuml;s&uuml;:<br \/>\n\t\t\t18 x 13 x 12 cm<\/span><\/span><\/span><\/span><\/span><\/span><\/td>\n<\/tr>\n<\/tbody>\n<\/table>\n","protected":false},"excerpt":{"rendered":"<p>\u00d6p\u00fc\u015fen \u00c7ift M\u00fczik Kutusu Yf-2276<\/p>\n","protected":false},"featured_media":83932,"comment_status":"open","ping_status":"closed","template":"","meta":{"_kad_post_transparent":"","_kad_post_title":"","_kad_post_layout":"","_kad_post_sidebar_id":"","_kad_post_content_style":"","_kad_post_vertical_padding":"","_kad_post_feature":"","_kad_post_feature_position":"","_kad_post_header":false,"_kad_post_footer":false,"_kad_post_classname":""},"product_brand":[],"product_cat":[557,698,568],"product_tag":[],"class_list":{"0":"post-83933","1":"product","2":"type-product","3":"status-publish","4":"has-post-thumbnail","6":"product_cat-ev-yasam","7":"product_cat-hediyelik-urunler","8":"product_cat-hobi","10":"first","11":"instock","12":"shipping-taxable","13":"purchasable","14":"product-type-simple","15":"entry","16":"content-bg","17":"loop-entry"},"_links":{"self":[{"href":"https:\/\/www.hediyepazar.com\/index.php?rest_route=\/wp\/v2\/product\/83933","targetHints":{"allow":["GET"]}}],"collection":[{"href":"https:\/\/www.hediyepazar.com\/index.php?rest_route=\/wp\/v2\/product"}],"about":[{"href":"https:\/\/www.hediyepazar.com\/index.php?rest_route=\/wp\/v2\/types\/product"}],"replies":[{"embeddable":true,"href":"https:\/\/www.hediyepazar.com\/index.php?rest_route=%2Fwp%2Fv2%2Fcomments&post=83933"}],"wp:featuredmedia":[{"embeddable":true,"href":"https:\/\/www.hediyepazar.com\/index.php?rest_route=\/wp\/v2\/media\/83932"}],"wp:attachment":[{"href":"https:\/\/www.hediyepazar.com\/index.php?rest_route=%2Fwp%2Fv2%2Fmedia&parent=83933"}],"wp:term":[{"taxonomy":"product_brand","embeddable":true,"href":"https:\/\/www.hediyepazar.com\/index.php?rest_route=%2Fwp%2Fv2%2Fproduct_brand&post=83933"},{"taxonomy":"product_cat","embeddable":true,"href":"https:\/\/www.hediyepazar.com\/index.php?rest_route=%2Fwp%2Fv2%2Fproduct_cat&post=83933"},{"taxonomy":"product_tag","embeddable":true,"href":"https:\/\/www.hediyepazar.com\/index.php?rest_route=%2Fwp%2Fv2%2Fproduct_tag&post=83933"}],"curies":[{"name":"wp","href":"https:\/\/api.w.org\/{rel}","templated":true}]}}