{"id":84074,"date":"2026-04-30T07:45:29","date_gmt":"2026-04-30T10:45:29","guid":{"rendered":"https:\/\/www.hediyepazar.com\/?product=mas-880-blok-flut-kutulu-pembe"},"modified":"2026-04-30T07:45:29","modified_gmt":"2026-04-30T10:45:29","slug":"mas-880-blok-flut-kutulu-pembe","status":"publish","type":"product","link":"https:\/\/www.hediyepazar.com\/?product=mas-880-blok-flut-kutulu-pembe","title":{"rendered":"Mas 880 Blok Fl\u00fct (Kutulu) Pembe"},"content":{"rendered":"<table style=\"border-collapse:collapse; width:347pt; border:none\" width=\"463\">\n<colgroup>\n<col style=\"width:347pt\" width=\"463\" \/>\n\t<\/colgroup>\n<tbody>\n<tr height=\"21\" style=\"height:15.6pt\">\n<td class=\"xl65\" height=\"21\" style=\"border:none; height:15.6pt; width:347pt; vertical-align:middle; padding-top:1px; padding-right:1px; padding-left:1px; white-space:nowrap\" width=\"463\"><span style=\"font-size:11pt\"><span style=\"color:black\"><span style=\"font-weight:400\"><span style=\"font-style:normal\"><span style=\"text-decoration:none\"><span style=\"font-family:Calibri,sans-serif\">Mas 880 Blok Fl&uuml;t (Kutulu) K\u0131rm\u0131z\u0131 &#8211; &Uuml;r&uuml;n Kodu : MAS.880P Mas 880 Blok Fl&uuml;t Pembe Okullarda tercih edilen fl&uuml;t t&uuml;r&uuml;d&uuml;r.<br \/>\n\t\t\tSes kalitesi olduk&ccedil;a y&uuml;ksek bir &uuml;r&uuml;nd&uuml;r.<br \/>\n\t\t\t&Uuml;r&uuml;n orijinal ve lisansl\u0131d\u0131r.<br \/>\n\t\t\t&Ccedil;ocuklar\u0131n m&uuml;zik becerilerine b&uuml;y&uuml;k katk\u0131 sa\u011flamaktad\u0131r \u015eeffaf ve renkli olmas\u0131 sayesinde &ccedil;ocuklar &ccedil;ok sevecektir.<\/span><\/span><\/span><\/span><\/span><\/span><\/td>\n<\/tr>\n<\/tbody>\n<\/table>\n","protected":false},"excerpt":{"rendered":"<p>Mas 880 Blok Fl\u00fct (Kutulu) Pembe<\/p>\n","protected":false},"featured_media":84073,"comment_status":"open","ping_status":"closed","template":"","meta":{"_kad_post_transparent":"","_kad_post_title":"","_kad_post_layout":"","_kad_post_sidebar_id":"","_kad_post_content_style":"","_kad_post_vertical_padding":"","_kad_post_feature":"","_kad_post_feature_position":"","_kad_post_header":false,"_kad_post_footer":false,"_kad_post_classname":""},"product_brand":[],"product_cat":[557,568,721],"product_tag":[],"class_list":{"0":"post-84074","1":"product","2":"type-product","3":"status-publish","4":"has-post-thumbnail","6":"product_cat-ev-yasam","7":"product_cat-hobi","8":"product_cat-muzik","10":"first","11":"instock","12":"shipping-taxable","13":"purchasable","14":"product-type-simple","15":"entry","16":"content-bg","17":"loop-entry"},"_links":{"self":[{"href":"https:\/\/www.hediyepazar.com\/index.php?rest_route=\/wp\/v2\/product\/84074","targetHints":{"allow":["GET"]}}],"collection":[{"href":"https:\/\/www.hediyepazar.com\/index.php?rest_route=\/wp\/v2\/product"}],"about":[{"href":"https:\/\/www.hediyepazar.com\/index.php?rest_route=\/wp\/v2\/types\/product"}],"replies":[{"embeddable":true,"href":"https:\/\/www.hediyepazar.com\/index.php?rest_route=%2Fwp%2Fv2%2Fcomments&post=84074"}],"wp:featuredmedia":[{"embeddable":true,"href":"https:\/\/www.hediyepazar.com\/index.php?rest_route=\/wp\/v2\/media\/84073"}],"wp:attachment":[{"href":"https:\/\/www.hediyepazar.com\/index.php?rest_route=%2Fwp%2Fv2%2Fmedia&parent=84074"}],"wp:term":[{"taxonomy":"product_brand","embeddable":true,"href":"https:\/\/www.hediyepazar.com\/index.php?rest_route=%2Fwp%2Fv2%2Fproduct_brand&post=84074"},{"taxonomy":"product_cat","embeddable":true,"href":"https:\/\/www.hediyepazar.com\/index.php?rest_route=%2Fwp%2Fv2%2Fproduct_cat&post=84074"},{"taxonomy":"product_tag","embeddable":true,"href":"https:\/\/www.hediyepazar.com\/index.php?rest_route=%2Fwp%2Fv2%2Fproduct_tag&post=84074"}],"curies":[{"name":"wp","href":"https:\/\/api.w.org\/{rel}","templated":true}]}}