{"id":84163,"date":"2026-04-30T07:49:52","date_gmt":"2026-04-30T10:49:52","guid":{"rendered":"https:\/\/www.hediyepazar.com\/?product=lila-pelus-bebek-yeni-dogan-kislik-uyku-tulumu-kapisonlu"},"modified":"2026-04-30T07:49:52","modified_gmt":"2026-04-30T10:49:52","slug":"lila-pelus-bebek-yeni-dogan-kislik-uyku-tulumu-kapisonlu","status":"publish","type":"product","link":"https:\/\/www.hediyepazar.com\/?product=lila-pelus-bebek-yeni-dogan-kislik-uyku-tulumu-kapisonlu","title":{"rendered":"Lila Pelu\u015f Bebek Yeni Do\u011fan K\u0131\u015fl\u0131k Uyku Tulumu Kapi\u015fonlu"},"content":{"rendered":"<p>Lila Pelu\u015f Bebek Yeni Do\u011fan K\u0131\u015fl\u0131k Uyku Tulumu Kapi\u015fonlu<br \/>\nK\u0131\u015fl\u0131k bebek tulum bebeklerinizi s\u0131cac\u0131k tutar.<br \/>\n&Uuml;\u015f&uuml;meden kaynakl\u0131 bebek uyku d&uuml;zenini dengeler<br \/>\nKonforlu rahat bir uyku sa\u011flar<br \/>\nG&uuml;n i&ccedil;indede bebek d\u0131\u015f giyim olarakta kullan\u0131labilir<br \/>\nBebek uyku giyim pelu\u015f tulum<br \/>\n1 adet pelu\u015f uyku tulumu g&ouml;nderilecektiir.<\/p>\n","protected":false},"excerpt":{"rendered":"<p>Lila Pelu\u015f Bebek Yeni Do\u011fan K\u0131\u015fl\u0131k Uyku Tulumu Kapi\u015fonlu<\/p>\n","protected":false},"featured_media":84162,"comment_status":"open","ping_status":"closed","template":"","meta":{"_kad_post_transparent":"","_kad_post_title":"","_kad_post_layout":"","_kad_post_sidebar_id":"","_kad_post_content_style":"","_kad_post_vertical_padding":"","_kad_post_feature":"","_kad_post_feature_position":"","_kad_post_header":false,"_kad_post_footer":false,"_kad_post_classname":""},"product_brand":[],"product_cat":[551,457,728],"product_tag":[],"class_list":{"0":"post-84163","1":"product","2":"type-product","3":"status-publish","4":"has-post-thumbnail","6":"product_cat-cocuk","7":"product_cat-giyim","8":"product_cat-tulum-salopet","10":"first","11":"instock","12":"shipping-taxable","13":"purchasable","14":"product-type-simple","15":"entry","16":"content-bg","17":"loop-entry"},"_links":{"self":[{"href":"https:\/\/www.hediyepazar.com\/index.php?rest_route=\/wp\/v2\/product\/84163","targetHints":{"allow":["GET"]}}],"collection":[{"href":"https:\/\/www.hediyepazar.com\/index.php?rest_route=\/wp\/v2\/product"}],"about":[{"href":"https:\/\/www.hediyepazar.com\/index.php?rest_route=\/wp\/v2\/types\/product"}],"replies":[{"embeddable":true,"href":"https:\/\/www.hediyepazar.com\/index.php?rest_route=%2Fwp%2Fv2%2Fcomments&post=84163"}],"wp:featuredmedia":[{"embeddable":true,"href":"https:\/\/www.hediyepazar.com\/index.php?rest_route=\/wp\/v2\/media\/84162"}],"wp:attachment":[{"href":"https:\/\/www.hediyepazar.com\/index.php?rest_route=%2Fwp%2Fv2%2Fmedia&parent=84163"}],"wp:term":[{"taxonomy":"product_brand","embeddable":true,"href":"https:\/\/www.hediyepazar.com\/index.php?rest_route=%2Fwp%2Fv2%2Fproduct_brand&post=84163"},{"taxonomy":"product_cat","embeddable":true,"href":"https:\/\/www.hediyepazar.com\/index.php?rest_route=%2Fwp%2Fv2%2Fproduct_cat&post=84163"},{"taxonomy":"product_tag","embeddable":true,"href":"https:\/\/www.hediyepazar.com\/index.php?rest_route=%2Fwp%2Fv2%2Fproduct_tag&post=84163"}],"curies":[{"name":"wp","href":"https:\/\/api.w.org\/{rel}","templated":true}]}}