{"id":84293,"date":"2026-04-30T07:58:14","date_gmt":"2026-04-30T10:58:14","guid":{"rendered":"https:\/\/www.hediyepazar.com\/?product=otomatik-kapakli-cam-yagdanlik-550-mm"},"modified":"2026-04-30T07:58:14","modified_gmt":"2026-04-30T10:58:14","slug":"otomatik-kapakli-cam-yagdanlik-550-mm","status":"publish","type":"product","link":"https:\/\/www.hediyepazar.com\/?product=otomatik-kapakli-cam-yagdanlik-550-mm","title":{"rendered":"Otomat\u0131k Kapakl\u0131 Cam Ya\u011fdanl\u0131k 550 Mm"},"content":{"rendered":"<table style=\"border-collapse:collapse; width:177pt; border:none\" width=\"236\">\n<colgroup>\n<col style=\"width:177pt\" width=\"236\" \/>\n\t<\/colgroup>\n<tbody>\n<tr height=\"20\" style=\"height:15.0pt\">\n<td height=\"20\" style=\"border:none; height:15.0pt; width:177pt; padding-top:1px; padding-right:1px; padding-left:1px; vertical-align:bottom; white-space:nowrap\" width=\"236\"><span style=\"font-size:11pt\"><span style=\"color:black\"><span style=\"font-weight:400\"><span style=\"font-style:normal\"><span style=\"text-decoration:none\"><span style=\"font-family:Calibri,sans-serif\">Benzersiz Tasar\u0131m: Bu ya\u011f da\u011f\u0131t\u0131c\u0131s\u0131n\u0131n &ouml;zel a&ccedil;\u0131l\u0131 paslanmaz &ccedil;elik a\u011fz\u0131, ya\u011f kapasitesinin ve<br \/>\n\t\t\tdamlama &ouml;nleme &ouml;zelli\u011finin verimli bir \u015fekilde kontrol edilmesini sa\u011flar.<br \/>\n\t\t\tYa\u011f \u015fi\u015fesinin i&ccedil;indeki silikon halka, d&ouml;k&uuml;l&uuml;rken ya\u011f\u0131n d&ouml;k&uuml;lmesini &ouml;nler ve SIZDIRMAZolmas\u0131n\u0131 sa\u011flar<br \/>\n\t\t\tKolay Doldurma: Bu ya\u011f \u015fi\u015fesinin &ouml;l&ccedil;&uuml;m hatt\u0131 g&ouml;vdesi, ne zaman yeniden doldurman\u0131z<br \/>\n\t\t\tgerekti\u011fini a&ccedil;\u0131k&ccedil;a bilmenizi sa\u011flar. Rahat temizlemenizi sa\u011flar, kolay ve kullan\u0131\u015fl\u0131d\u0131r.<br \/>\n\t\t\tKolay Kullan\u0131m: Cheftoon ya\u011f\u0131 da\u011f\u0131t\u0131c\u0131s\u0131n\u0131n yer&ccedil;ekimiyle a&ccedil;\u0131lan kapa\u011f\u0131, ya\u011f \u015fi\u015fesi e\u011fildi\u011finde<br \/>\n\t\t\totomatik olarak a&ccedil;\u0131l\u0131r ve dik oldu\u011funda kapan\u0131r. Tek elle kolay d&ouml;kme olana\u011f\u0131 sa\u011flar.<br \/>\n\t\t\tEn \u0130yi Hediye: Mutfak i&ccedil;in ya\u011f \u015fi\u015feleri, zeytinya\u011f\u0131, sirke, soya sosu ve daha fazlas\u0131 gibi her<br \/>\n\t\t\tt&uuml;rl&uuml; &uuml;r&uuml;n&uuml; saklamak i&ccedil;in iyi tasarlanm\u0131\u015ft\u0131r. Zarif g&ouml;r&uuml;n&uuml;m&uuml; ve m&uuml;kemmel ambalaj\u0131,<br \/>\n\t\t\tda\u011f\u0131t\u0131c\u0131 setini etkileyici bir hediye haline getiriyor. Cam Ya\u011fdanl\u0131k 550ml<\/span><\/span><\/span><\/span><\/span><\/span><\/td>\n<\/tr>\n<\/tbody>\n<\/table>\n","protected":false},"excerpt":{"rendered":"<p>Otomat\u0131k Kapakl\u0131 Cam Ya\u011fdanl\u0131k 550 Mm<\/p>\n","protected":false},"featured_media":84292,"comment_status":"open","ping_status":"closed","template":"","meta":{"_kad_post_transparent":"","_kad_post_title":"","_kad_post_layout":"","_kad_post_sidebar_id":"","_kad_post_content_style":"","_kad_post_vertical_padding":"","_kad_post_feature":"","_kad_post_feature_position":"","_kad_post_header":false,"_kad_post_footer":false,"_kad_post_classname":""},"product_brand":[],"product_cat":[557,558,701],"product_tag":[],"class_list":{"0":"post-84293","1":"product","2":"type-product","3":"status-publish","4":"has-post-thumbnail","6":"product_cat-ev-yasam","7":"product_cat-sofra-mutfak-2","8":"product_cat-yagdanlik","10":"first","11":"instock","12":"shipping-taxable","13":"purchasable","14":"product-type-simple","15":"entry","16":"content-bg","17":"loop-entry"},"_links":{"self":[{"href":"https:\/\/www.hediyepazar.com\/index.php?rest_route=\/wp\/v2\/product\/84293","targetHints":{"allow":["GET"]}}],"collection":[{"href":"https:\/\/www.hediyepazar.com\/index.php?rest_route=\/wp\/v2\/product"}],"about":[{"href":"https:\/\/www.hediyepazar.com\/index.php?rest_route=\/wp\/v2\/types\/product"}],"replies":[{"embeddable":true,"href":"https:\/\/www.hediyepazar.com\/index.php?rest_route=%2Fwp%2Fv2%2Fcomments&post=84293"}],"wp:featuredmedia":[{"embeddable":true,"href":"https:\/\/www.hediyepazar.com\/index.php?rest_route=\/wp\/v2\/media\/84292"}],"wp:attachment":[{"href":"https:\/\/www.hediyepazar.com\/index.php?rest_route=%2Fwp%2Fv2%2Fmedia&parent=84293"}],"wp:term":[{"taxonomy":"product_brand","embeddable":true,"href":"https:\/\/www.hediyepazar.com\/index.php?rest_route=%2Fwp%2Fv2%2Fproduct_brand&post=84293"},{"taxonomy":"product_cat","embeddable":true,"href":"https:\/\/www.hediyepazar.com\/index.php?rest_route=%2Fwp%2Fv2%2Fproduct_cat&post=84293"},{"taxonomy":"product_tag","embeddable":true,"href":"https:\/\/www.hediyepazar.com\/index.php?rest_route=%2Fwp%2Fv2%2Fproduct_tag&post=84293"}],"curies":[{"name":"wp","href":"https:\/\/api.w.org\/{rel}","templated":true}]}}