{"id":84945,"date":"2026-04-30T08:40:56","date_gmt":"2026-04-30T11:40:56","guid":{"rendered":"https:\/\/www.hediyepazar.com\/?product=renkli-sapli-3-basli-celik-soyacak-soyucu"},"modified":"2026-04-30T08:40:56","modified_gmt":"2026-04-30T11:40:56","slug":"renkli-sapli-3-basli-celik-soyacak-soyucu","status":"publish","type":"product","link":"https:\/\/www.hediyepazar.com\/?product=renkli-sapli-3-basli-celik-soyacak-soyucu","title":{"rendered":"Renkli Sapl\u0131 3 Ba\u015fl\u0131 \u00c7elik Soyacak &#8211; Soyucu"},"content":{"rendered":"<table style=\"border-collapse:collapse; width:203pt; border:none\" width=\"271\">\n<colgroup>\n<col style=\"width:203pt\" width=\"271\" \/>\n\t<\/colgroup>\n<tbody>\n<tr height=\"19\" style=\"height:14.4pt\">\n<td class=\"xl65\" height=\"19\" style=\"border:none; height:14.4pt; width:203pt; text-align:left; padding-top:1px; padding-right:1px; padding-left:1px; vertical-align:bottom; white-space:nowrap\" width=\"271\"><span style=\"font-size:11pt\"><span style=\"color:black\"><span style=\"font-weight:400\"><span style=\"font-style:normal\"><span style=\"text-decoration:none\"><span style=\"font-family:Calibri,sans-serif\">Renkli Sapl\u0131 3 Ba\u015fl\u0131 &Ccedil;elik Soyacak, mutfakta pratiklik ve i\u015flevselli\u011fi bir araya getiren \u015f\u0131k bir mutfak aksesuar\u0131d\u0131r.<br \/>\n\t\t\tBu &uuml;r&uuml;n, sebzelerin ve meyvelerin kabuklar\u0131n\u0131 kolayca soyman\u0131z\u0131 sa\u011flar, zaman\u0131n\u0131z\u0131 ve enerjinizi tasarruf etmenize yard\u0131mc\u0131 olur.<br \/>\n\t\t\tBu &uuml;&ccedil; ba\u015fl\u0131 soyacak, dayan\u0131kl\u0131 &ccedil;elik b\u0131&ccedil;aklar\u0131yla donat\u0131lm\u0131\u015ft\u0131r. Keskin b\u0131&ccedil;aklar\u0131, her t&uuml;rl&uuml; meyve ve sebzenin kabu\u011funu kolayca keser ve soyar.<br \/>\n\t\t\tBu sayede mutfak i\u015flerinizi h\u0131zl\u0131 ve verimli bir \u015fekilde tamamlayabilirsiniz. Ayr\u0131ca &ccedil;elik malzeme, uzun &ouml;m&uuml;rl&uuml; kullan\u0131m sa\u011flar ve kolay temizlenir.<br \/>\n\t\t\t&Uuml;r&uuml;n&uuml;n renkli saplar\u0131, ergonomik tasar\u0131m\u0131yla konforlu bir tutu\u015f sa\u011flar. Elde kaymaz &ouml;zellikleri sayesinde g&uuml;venli bir kullan\u0131m sunar.<br \/>\n\t\t\tFarkl\u0131 renk se&ccedil;enekleriyle mutfak dekorasyonunuza uyum sa\u011flayabilir ve renkli bir dokunu\u015f ekleyebilirsiniz.<br \/>\n\t\t\tBu 3 ba\u015fl\u0131 soyacak, &ccedil;e\u015fitli mutfak ihtiya&ccedil;lar\u0131n\u0131z\u0131 kar\u015f\u0131lamak i&ccedil;in tasarlanm\u0131\u015ft\u0131r. \u0130nce kabuklu meyveler ve sebzeler i&ccedil;in ince b\u0131&ccedil;a\u011f\u0131,<br \/>\n\t\t\tkal\u0131n kabuklu meyveler ve sebzeler i&ccedil;in orta b\u0131&ccedil;a\u011f\u0131 ve di\u011fer zorlu kabuklar\u0131 soyabilmek i&ccedil;in ise b&uuml;y&uuml;k b\u0131&ccedil;a\u011f\u0131 kullanabilirsiniz.<br \/>\n\t\t\tHer bir b\u0131&ccedil;ak, soyaca\u011f\u0131n\u0131z malzemeye uygun bir \u015fekilde i\u015flev g&ouml;rmek i&ccedil;in optimize edilmi\u015ftir.<br \/>\n\t\t\t&Uuml;r&uuml;n Ebatlar\u0131: Boyut: 15 Cm.<br \/>\n\t\t\tNot: &Uuml;r&uuml;n Stok Durumuna G&ouml;re Asorti Renklerde G&ouml;nderilecektir.<br \/>\n\t\t\tPaket \u0130&ccedil;eri\u011fi : 1 Adet Renkli Sapl\u0131 3 Ba\u015fl\u0131 &Ccedil;elik Soyacak &#8211; Soyucu<\/span><\/span><\/span><\/span><\/span><\/span><\/td>\n<\/tr>\n<\/tbody>\n<\/table>\n","protected":false},"excerpt":{"rendered":"<p>Renkli Sapl\u0131 3 Ba\u015fl\u0131 \u00c7elik Soyacak &#8211; Soyucu<\/p>\n","protected":false},"featured_media":84944,"comment_status":"open","ping_status":"closed","template":"","meta":{"_kad_post_transparent":"","_kad_post_title":"","_kad_post_layout":"","_kad_post_sidebar_id":"","_kad_post_content_style":"","_kad_post_vertical_padding":"","_kad_post_feature":"","_kad_post_feature_position":"","_kad_post_header":false,"_kad_post_footer":false,"_kad_post_classname":""},"product_brand":[],"product_cat":[557,558,560],"product_tag":[],"class_list":{"0":"post-84945","1":"product","2":"type-product","3":"status-publish","4":"has-post-thumbnail","6":"product_cat-ev-yasam","7":"product_cat-sofra-mutfak-2","8":"product_cat-yemek-hazirlik","10":"first","11":"instock","12":"shipping-taxable","13":"purchasable","14":"product-type-simple","15":"entry","16":"content-bg","17":"loop-entry"},"_links":{"self":[{"href":"https:\/\/www.hediyepazar.com\/index.php?rest_route=\/wp\/v2\/product\/84945","targetHints":{"allow":["GET"]}}],"collection":[{"href":"https:\/\/www.hediyepazar.com\/index.php?rest_route=\/wp\/v2\/product"}],"about":[{"href":"https:\/\/www.hediyepazar.com\/index.php?rest_route=\/wp\/v2\/types\/product"}],"replies":[{"embeddable":true,"href":"https:\/\/www.hediyepazar.com\/index.php?rest_route=%2Fwp%2Fv2%2Fcomments&post=84945"}],"wp:featuredmedia":[{"embeddable":true,"href":"https:\/\/www.hediyepazar.com\/index.php?rest_route=\/wp\/v2\/media\/84944"}],"wp:attachment":[{"href":"https:\/\/www.hediyepazar.com\/index.php?rest_route=%2Fwp%2Fv2%2Fmedia&parent=84945"}],"wp:term":[{"taxonomy":"product_brand","embeddable":true,"href":"https:\/\/www.hediyepazar.com\/index.php?rest_route=%2Fwp%2Fv2%2Fproduct_brand&post=84945"},{"taxonomy":"product_cat","embeddable":true,"href":"https:\/\/www.hediyepazar.com\/index.php?rest_route=%2Fwp%2Fv2%2Fproduct_cat&post=84945"},{"taxonomy":"product_tag","embeddable":true,"href":"https:\/\/www.hediyepazar.com\/index.php?rest_route=%2Fwp%2Fv2%2Fproduct_tag&post=84945"}],"curies":[{"name":"wp","href":"https:\/\/api.w.org\/{rel}","templated":true}]}}

Renkli Saplı 3 Başlı Çelik Soyacak &#8211; Soyucu

<table style="border-collapse:collapse; width:203pt; border:none" width="271">
<colgroup>
<col style="width:203pt" width="271" />
	</colgroup>
<tbody>
<tr height="19" style="height:14.4pt">
<td class="xl65" height="19" style="border:none; height:14.4pt; width:203pt; text-align:left; padding-top:1px; padding-right:1px; padding-left:1px; vertical-align:bottom; white-space:nowrap" width="271"><span style="font-size:11pt"><span style="color:black"><span style="font-weight:400"><span style="font-style:normal"><span style="text-decoration:none"><span style="font-family:Calibri,sans-serif">Renkli Saplı 3 Başlı &Ccedil;elik Soyacak, mutfakta pratiklik ve işlevselliği bir araya getiren şık bir mutfak aksesuarıdır.<br />
			Bu &uuml;r&uuml;n, sebzelerin ve meyvelerin kabuklarını kolayca soymanızı sağlar, zamanınızı ve enerjinizi tasarruf etmenize yardımcı olur.<br />
			Bu &uuml;&ccedil; başlı soyacak, dayanıklı &ccedil;elik bı&ccedil;aklarıyla donatılmıştır. Keskin bı&ccedil;akları, her t&uuml;rl&uuml; meyve ve sebzenin kabuğunu kolayca keser ve soyar.<br />
			Bu sayede mutfak işlerinizi hızlı ve verimli bir şekilde tamamlayabilirsiniz. Ayrıca &ccedil;elik malzeme, uzun &ouml;m&uuml;rl&uuml; kullanım sağlar ve kolay temizlenir.<br />
			&Uuml;r&uuml;n&uuml;n renkli sapları, ergonomik tasarımıyla konforlu bir tutuş sağlar. Elde kaymaz &ouml;zellikleri sayesinde g&uuml;venli bir kullanım sunar.<br />
			Farklı renk se&ccedil;enekleriyle mutfak dekorasyonunuza uyum sağlayabilir ve renkli bir dokunuş ekleyebilirsiniz.<br />
			Bu 3 başlı soyacak, &ccedil;eşitli mutfak ihtiya&ccedil;larınızı karşılamak i&ccedil;in tasarlanmıştır. İnce kabuklu meyveler ve sebzeler i&ccedil;in ince bı&ccedil;ağı,<br />
			kalın kabuklu meyveler ve sebzeler i&ccedil;in orta bı&ccedil;ağı ve diğer zorlu kabukları soyabilmek i&ccedil;in ise b&uuml;y&uuml;k bı&ccedil;ağı kullanabilirsiniz.<br />
			Her bir bı&ccedil;ak, soyacağınız malzemeye uygun bir şekilde işlev g&ouml;rmek i&ccedil;in optimize edilmiştir.<br />
			&Uuml;r&uuml;n Ebatları: Boyut: 15 Cm.<br />
			Not: &Uuml;r&uuml;n Stok Durumuna G&ouml;re Asorti Renklerde G&ouml;nderilecektir.<br />
			Paket İ&ccedil;eriği : 1 Adet Renkli Saplı 3 Başlı &Ccedil;elik Soyacak &#8211; Soyucu</span></span></span></span></span></span></td>
</tr>
</tbody>
</table>

<p>Renkli Saplı 3 Başlı Çelik Soyacak &#8211; Soyucu</p>
