{"id":85129,"date":"2026-04-30T08:54:04","date_gmt":"2026-04-30T11:54:04","guid":{"rendered":"https:\/\/www.hediyepazar.com\/?product=yuvarlak-kokusuz-kulluk-8x9-cm-royaleks-1601"},"modified":"2026-04-30T08:54:04","modified_gmt":"2026-04-30T11:54:04","slug":"yuvarlak-kokusuz-kulluk-8x9-cm-royaleks-1601","status":"publish","type":"product","link":"https:\/\/www.hediyepazar.com\/?product=yuvarlak-kokusuz-kulluk-8x9-cm-royaleks-1601","title":{"rendered":"Yuvarlak Kokusuz K\u00fcll\u00fck 8&#215;9 Cm Royaleks-1601"},"content":{"rendered":"<table style=\"border-collapse:collapse; width:89pt; border:none\" width=\"119\">\n<colgroup>\n<col style=\"width:89pt\" width=\"119\" \/>\n\t<\/colgroup>\n<tbody>\n<tr height=\"20\" style=\"height:15.0pt\">\n<td height=\"20\" style=\"border:none; height:15.0pt; width:89pt; padding-top:1px; padding-right:1px; padding-left:1px; vertical-align:bottom; white-space:nowrap\" width=\"119\"><span style=\"font-size:11pt\"><span style=\"color:black\"><span style=\"font-weight:400\"><span style=\"font-style:normal\"><span style=\"text-decoration:none\"><span style=\"font-family:Calibri,sans-serif\">Yuvarlak Kokusuz K&uuml;ll&uuml;k 8&#215;9 Cm Royaleks-1601 8698599016018<br \/>\n\t\t\tKokusuz cam hazneli k&uuml;ll&uuml;k yanmaz cam sigara k&uuml;ll&uuml;\u011f&uuml;<br \/>\n\t\t\tBeyaz kokusuz cam hazneli k&uuml;ll&uuml;k, yanmaz beyaz cam sigara k&uuml;ll&uuml;\u011f&uuml; olduk&ccedil;a uygun<br \/>\n\t\t\tfiyatl\u0131 bu &uuml;r&uuml;nle evinizdeki sigara kokusuna dur diyebilirsiniz. &Uuml;stelik beyaz cam kokusuz<br \/>\n\t\t\tk&uuml;ll&uuml;k sigaran\u0131z\u0131 s&ouml;nd&uuml;rmeden direk i&ccedil;ine atma imk&acirc;n\u0131 sunuyor.<br \/>\n\t\t\tB&ouml;ylece k&uuml;ll&uuml;klerinizde olu\u015fan izmarit lekelerine de son verebilirsiniz.<br \/>\n\t\t\t\u015e\u0131k ve beyaz parlak cam tasar\u0131m\u0131yla evinizde bir aksesuar gibi g&ouml;r&uuml;necek olan ync<br \/>\n\t\t\tkafesli yuvarlak kokusuz k&uuml;ll&uuml;k, uzun s&uuml;reli kullan\u0131m &ouml;mr&uuml;yle de do\u011fan\u0131n korunmas\u0131na katk\u0131 sa\u011fl\u0131yor.<br \/>\n\t\t\tKokusuz k&uuml;ll&uuml;k teknik &ouml;zellikleri: K&uuml;lleri i&ccedil;inde hapseder. Sigaray\u0131 s&ouml;nd&uuml;rmeden i&ccedil;ine atma imkan\u0131 sunar.<br \/>\n\t\t\tK\u0131sa s&uuml;rede sigaray\u0131 s&ouml;nd&uuml;r&uuml;r. Sigara ya da izmarit kokusunu d\u0131\u015far\u0131 vermez.<br \/>\n\t\t\tR&uuml;zg&acirc;rdan etkilenmedi\u011fi i&ccedil;in a&ccedil;\u0131k hava mek&acirc;nlar\u0131nda kullan\u0131ma uygundur.<br \/>\n\t\t\t&Uuml;r&uuml;n&uuml;n boyutu: A\u011f\u0131z &ccedil;ap\u0131 8 cm x y&uuml;kseklik 9 cm<br \/>\n\t\t\tpaket i&ccedil;eri\u011fi: 1 adet &#8211; K&uuml;ll&uuml;k Royaleks-1601&nbsp; Yuvarlak Kokusuz K&uuml;ll&uuml;k 8&#215;9 Cm Royaleks-1601<\/span><\/span><\/span><\/span><\/span><\/span><\/td>\n<\/tr>\n<\/tbody>\n<\/table>\n","protected":false},"excerpt":{"rendered":"<p>Yuvarlak Kokusuz K\u00fcll\u00fck 8&#215;9 Cm Royaleks-1601<\/p>\n","protected":false},"featured_media":85128,"comment_status":"open","ping_status":"closed","template":"","meta":{"_kad_post_transparent":"","_kad_post_title":"","_kad_post_layout":"","_kad_post_sidebar_id":"","_kad_post_content_style":"","_kad_post_vertical_padding":"","_kad_post_feature":"","_kad_post_feature_position":"","_kad_post_header":false,"_kad_post_footer":false,"_kad_post_classname":""},"product_brand":[],"product_cat":[557,559,558],"product_tag":[],"class_list":{"0":"post-85129","1":"product","2":"type-product","3":"status-publish","4":"has-post-thumbnail","6":"product_cat-ev-yasam","7":"product_cat-sofra","8":"product_cat-sofra-mutfak-2","10":"first","11":"instock","12":"shipping-taxable","13":"purchasable","14":"product-type-simple","15":"entry","16":"content-bg","17":"loop-entry"},"_links":{"self":[{"href":"https:\/\/www.hediyepazar.com\/index.php?rest_route=\/wp\/v2\/product\/85129","targetHints":{"allow":["GET"]}}],"collection":[{"href":"https:\/\/www.hediyepazar.com\/index.php?rest_route=\/wp\/v2\/product"}],"about":[{"href":"https:\/\/www.hediyepazar.com\/index.php?rest_route=\/wp\/v2\/types\/product"}],"replies":[{"embeddable":true,"href":"https:\/\/www.hediyepazar.com\/index.php?rest_route=%2Fwp%2Fv2%2Fcomments&post=85129"}],"wp:featuredmedia":[{"embeddable":true,"href":"https:\/\/www.hediyepazar.com\/index.php?rest_route=\/wp\/v2\/media\/85128"}],"wp:attachment":[{"href":"https:\/\/www.hediyepazar.com\/index.php?rest_route=%2Fwp%2Fv2%2Fmedia&parent=85129"}],"wp:term":[{"taxonomy":"product_brand","embeddable":true,"href":"https:\/\/www.hediyepazar.com\/index.php?rest_route=%2Fwp%2Fv2%2Fproduct_brand&post=85129"},{"taxonomy":"product_cat","embeddable":true,"href":"https:\/\/www.hediyepazar.com\/index.php?rest_route=%2Fwp%2Fv2%2Fproduct_cat&post=85129"},{"taxonomy":"product_tag","embeddable":true,"href":"https:\/\/www.hediyepazar.com\/index.php?rest_route=%2Fwp%2Fv2%2Fproduct_tag&post=85129"}],"curies":[{"name":"wp","href":"https:\/\/api.w.org\/{rel}","templated":true}]}}