{"id":87447,"date":"2026-04-30T12:14:27","date_gmt":"2026-04-30T15:14:27","guid":{"rendered":"https:\/\/www.hediyepazar.com\/?product=altinbasak-oya-ve-dantel-ipi-20-gr-royaleks-no-siyah"},"modified":"2026-04-30T12:14:27","modified_gmt":"2026-04-30T15:14:27","slug":"altinbasak-oya-ve-dantel-ipi-20-gr-royaleks-no-siyah","status":"publish","type":"product","link":"https:\/\/www.hediyepazar.com\/?product=altinbasak-oya-ve-dantel-ipi-20-gr-royaleks-no-siyah","title":{"rendered":"Alt\u0131nba\u015fak Oya ve Dantel \u0130pi 20 gr &#8211; Royaleks &#8211; No: S\u0130YAH"},"content":{"rendered":"<p>Alt\u0131nba\u015fak Oya ve Dantel \u0130pi 20 gr &#8211; Royaleks &#8211; No: S\u0130YAH<\/p>\n","protected":false},"excerpt":{"rendered":"<p>Alt\u0131nba\u015fak Oya ve Dantel \u0130pi 20 gr &#8211; Royaleks &#8211; No: S\u0130YAH<\/p>\n","protected":false},"featured_media":87446,"comment_status":"open","ping_status":"closed","template":"","meta":{"_kad_post_transparent":"","_kad_post_title":"","_kad_post_layout":"","_kad_post_sidebar_id":"","_kad_post_content_style":"","_kad_post_vertical_padding":"","_kad_post_feature":"","_kad_post_feature_position":"","_kad_post_header":false,"_kad_post_footer":false,"_kad_post_classname":""},"product_brand":[],"product_cat":[557,568,569],"product_tag":[],"class_list":{"0":"post-87447","1":"product","2":"type-product","3":"status-publish","4":"has-post-thumbnail","6":"product_cat-ev-yasam","7":"product_cat-hobi","8":"product_cat-hobi-malzemeleri","10":"first","11":"instock","12":"shipping-taxable","13":"purchasable","14":"product-type-simple","15":"entry","16":"content-bg","17":"loop-entry"},"_links":{"self":[{"href":"https:\/\/www.hediyepazar.com\/index.php?rest_route=\/wp\/v2\/product\/87447","targetHints":{"allow":["GET"]}}],"collection":[{"href":"https:\/\/www.hediyepazar.com\/index.php?rest_route=\/wp\/v2\/product"}],"about":[{"href":"https:\/\/www.hediyepazar.com\/index.php?rest_route=\/wp\/v2\/types\/product"}],"replies":[{"embeddable":true,"href":"https:\/\/www.hediyepazar.com\/index.php?rest_route=%2Fwp%2Fv2%2Fcomments&post=87447"}],"wp:featuredmedia":[{"embeddable":true,"href":"https:\/\/www.hediyepazar.com\/index.php?rest_route=\/wp\/v2\/media\/87446"}],"wp:attachment":[{"href":"https:\/\/www.hediyepazar.com\/index.php?rest_route=%2Fwp%2Fv2%2Fmedia&parent=87447"}],"wp:term":[{"taxonomy":"product_brand","embeddable":true,"href":"https:\/\/www.hediyepazar.com\/index.php?rest_route=%2Fwp%2Fv2%2Fproduct_brand&post=87447"},{"taxonomy":"product_cat","embeddable":true,"href":"https:\/\/www.hediyepazar.com\/index.php?rest_route=%2Fwp%2Fv2%2Fproduct_cat&post=87447"},{"taxonomy":"product_tag","embeddable":true,"href":"https:\/\/www.hediyepazar.com\/index.php?rest_route=%2Fwp%2Fv2%2Fproduct_tag&post=87447"}],"curies":[{"name":"wp","href":"https:\/\/api.w.org\/{rel}","templated":true}]}}