{"id":92179,"date":"2026-04-30T17:11:09","date_gmt":"2026-04-30T20:11:09","guid":{"rendered":"https:\/\/www.hediyepazar.com\/?product=keratin-milk-1000-ml"},"modified":"2026-04-30T17:11:09","modified_gmt":"2026-04-30T20:11:09","slug":"keratin-milk-1000-ml","status":"publish","type":"product","link":"https:\/\/www.hediyepazar.com\/?product=keratin-milk-1000-ml","title":{"rendered":"Keratin Milk 1000 ML"},"content":{"rendered":"<p>&Ouml;zel olarak geli\u015ftirilen Keratin Bak\u0131m S&uuml;t&uuml;, sa&ccedil;lar\u0131n\u0131z\u0131 k&ouml;kten uca kadar besler. Sa&ccedil;lar\u0131n\u0131za ipeksi bir doku ve parlak bir g&ouml;r&uuml;n&uuml;m kazand\u0131r\u0131r.<br \/>\nZengin i&ccedil;erik ve farkl\u0131 bile\u015fenlerden olu\u015fan Keratin Bak\u0131m S&uuml;t&uuml;, g&uuml;&ccedil;l&uuml; etkisiyle sa&ccedil;lar\u0131n\u0131z\u0131n ipeksi ve parlak bir g&ouml;r&uuml;n&uuml;m kazanmas\u0131n\u0131 sa\u011flar. Ayr\u0131ca Keratin Bak\u0131m S&uuml;t&uuml; ile birlikte sa&ccedil;lar\u0131n\u0131z daha kolay taranabilir.<br \/>\nKullan\u0131m\u0131: Nemli sa&ccedil;lar\u0131n\u0131za ve sa&ccedil; derinize masaj yaparak uygulay\u0131n\u0131z. Sonra sa&ccedil;lar\u0131n\u0131z\u0131 bol ile y\u0131kay\u0131n ve ard\u0131ndan sa&ccedil;lar\u0131n\u0131z\u0131 durulay\u0131n\u0131z.<\/p>\n","protected":false},"excerpt":{"rendered":"<p>Keratin Milk 1000 ML<\/p>\n","protected":false},"featured_media":92178,"comment_status":"open","ping_status":"closed","template":"","meta":{"_kad_post_transparent":"","_kad_post_title":"","_kad_post_layout":"","_kad_post_sidebar_id":"","_kad_post_content_style":"","_kad_post_vertical_padding":"","_kad_post_feature":"","_kad_post_feature_position":"","_kad_post_header":false,"_kad_post_footer":false,"_kad_post_classname":""},"product_brand":[],"product_cat":[452,586,598],"product_tag":[],"class_list":{"0":"post-92179","1":"product","2":"type-product","3":"status-publish","4":"has-post-thumbnail","6":"product_cat-kozmetik","7":"product_cat-sac-bakimi","8":"product_cat-sac-serum-ve-yagi","10":"first","11":"instock","12":"shipping-taxable","13":"purchasable","14":"product-type-simple","15":"entry","16":"content-bg","17":"loop-entry"},"_links":{"self":[{"href":"https:\/\/www.hediyepazar.com\/index.php?rest_route=\/wp\/v2\/product\/92179","targetHints":{"allow":["GET"]}}],"collection":[{"href":"https:\/\/www.hediyepazar.com\/index.php?rest_route=\/wp\/v2\/product"}],"about":[{"href":"https:\/\/www.hediyepazar.com\/index.php?rest_route=\/wp\/v2\/types\/product"}],"replies":[{"embeddable":true,"href":"https:\/\/www.hediyepazar.com\/index.php?rest_route=%2Fwp%2Fv2%2Fcomments&post=92179"}],"wp:featuredmedia":[{"embeddable":true,"href":"https:\/\/www.hediyepazar.com\/index.php?rest_route=\/wp\/v2\/media\/92178"}],"wp:attachment":[{"href":"https:\/\/www.hediyepazar.com\/index.php?rest_route=%2Fwp%2Fv2%2Fmedia&parent=92179"}],"wp:term":[{"taxonomy":"product_brand","embeddable":true,"href":"https:\/\/www.hediyepazar.com\/index.php?rest_route=%2Fwp%2Fv2%2Fproduct_brand&post=92179"},{"taxonomy":"product_cat","embeddable":true,"href":"https:\/\/www.hediyepazar.com\/index.php?rest_route=%2Fwp%2Fv2%2Fproduct_cat&post=92179"},{"taxonomy":"product_tag","embeddable":true,"href":"https:\/\/www.hediyepazar.com\/index.php?rest_route=%2Fwp%2Fv2%2Fproduct_tag&post=92179"}],"curies":[{"name":"wp","href":"https:\/\/api.w.org\/{rel}","templated":true}]}}