{"id":92195,"date":"2026-04-30T17:12:07","date_gmt":"2026-04-30T20:12:07","guid":{"rendered":"https:\/\/www.hediyepazar.com\/?product=silver-sampuan-1000-ml"},"modified":"2026-04-30T17:12:07","modified_gmt":"2026-04-30T20:12:07","slug":"silver-sampuan-1000-ml","status":"publish","type":"product","link":"https:\/\/www.hediyepazar.com\/?product=silver-sampuan-1000-ml","title":{"rendered":"Silver \u015eampuan 1000 ML"},"content":{"rendered":"<p>The Noue&rsquo;nin &ouml;zel olarak geli\u015ftirdi\u011fi Silver \u015eampuan; sa&ccedil;lar\u0131n\u0131zda yer alan ve istenmeyen renkteki sar\u0131, turuncu yans\u0131malar\u0131 giderir. Sa&ccedil; renginizdeki dengeyi sa\u011flar.<br \/>\nG&uuml;&ccedil;l&uuml; bile\u015fenlerden olu\u015fan The Noue Silver \u015eampuan; sa&ccedil;lar\u0131n\u0131zdaki sar\u0131 ve turuncu renkteki yans\u0131malar\u0131 giderir, zengin i&ccedil;eri\u011fi sayesinde de sa&ccedil;lar\u0131n\u0131z\u0131n parlak ve canl\u0131 g&ouml;r&uuml;n&uuml;m kazanmas\u0131n\u0131 sa\u011flar.<br \/>\nKullan\u0131m Detaylar\u0131: Haftada bir kere olmak &uuml;zere \u0131slak sa&ccedil;\u0131n\u0131za, 1 ile 3 dakika aras\u0131 masaj yaparak uygulay\u0131n\u0131z. Sonras\u0131nda sa&ccedil;lar\u0131n\u0131z\u0131 y\u0131kay\u0131n ve iyice durulay\u0131n\u0131z.<\/p>\n","protected":false},"excerpt":{"rendered":"<p>Silver \u015eampuan 1000 ML<\/p>\n","protected":false},"featured_media":92194,"comment_status":"open","ping_status":"closed","template":"","meta":{"_kad_post_transparent":"","_kad_post_title":"","_kad_post_layout":"","_kad_post_sidebar_id":"","_kad_post_content_style":"","_kad_post_vertical_padding":"","_kad_post_feature":"","_kad_post_feature_position":"","_kad_post_header":false,"_kad_post_footer":false,"_kad_post_classname":""},"product_brand":[],"product_cat":[452,586,665],"product_tag":[],"class_list":{"0":"post-92195","1":"product","2":"type-product","3":"status-publish","4":"has-post-thumbnail","6":"product_cat-kozmetik","7":"product_cat-sac-bakimi","8":"product_cat-sampuan","10":"first","11":"instock","12":"shipping-taxable","13":"purchasable","14":"product-type-simple","15":"entry","16":"content-bg","17":"loop-entry"},"_links":{"self":[{"href":"https:\/\/www.hediyepazar.com\/index.php?rest_route=\/wp\/v2\/product\/92195","targetHints":{"allow":["GET"]}}],"collection":[{"href":"https:\/\/www.hediyepazar.com\/index.php?rest_route=\/wp\/v2\/product"}],"about":[{"href":"https:\/\/www.hediyepazar.com\/index.php?rest_route=\/wp\/v2\/types\/product"}],"replies":[{"embeddable":true,"href":"https:\/\/www.hediyepazar.com\/index.php?rest_route=%2Fwp%2Fv2%2Fcomments&post=92195"}],"wp:featuredmedia":[{"embeddable":true,"href":"https:\/\/www.hediyepazar.com\/index.php?rest_route=\/wp\/v2\/media\/92194"}],"wp:attachment":[{"href":"https:\/\/www.hediyepazar.com\/index.php?rest_route=%2Fwp%2Fv2%2Fmedia&parent=92195"}],"wp:term":[{"taxonomy":"product_brand","embeddable":true,"href":"https:\/\/www.hediyepazar.com\/index.php?rest_route=%2Fwp%2Fv2%2Fproduct_brand&post=92195"},{"taxonomy":"product_cat","embeddable":true,"href":"https:\/\/www.hediyepazar.com\/index.php?rest_route=%2Fwp%2Fv2%2Fproduct_cat&post=92195"},{"taxonomy":"product_tag","embeddable":true,"href":"https:\/\/www.hediyepazar.com\/index.php?rest_route=%2Fwp%2Fv2%2Fproduct_tag&post=92195"}],"curies":[{"name":"wp","href":"https:\/\/api.w.org\/{rel}","templated":true}]}}