{"id":93443,"date":"2026-04-30T18:40:37","date_gmt":"2026-04-30T21:40:37","guid":{"rendered":"https:\/\/www.hediyepazar.com\/?product=kolajen-sampuan-1000-ml-zayif-ve-zarar-gormus-saclar"},"modified":"2026-04-30T18:40:37","modified_gmt":"2026-04-30T21:40:37","slug":"kolajen-sampuan-1000-ml-zayif-ve-zarar-gormus-saclar","status":"publish","type":"product","link":"https:\/\/www.hediyepazar.com\/?product=kolajen-sampuan-1000-ml-zayif-ve-zarar-gormus-saclar","title":{"rendered":"Kolajen \u015eampuan 1000 ML &#8211; Zay\u0131f ve Zarar G\u00f6rm\u00fc\u015f Sa\u00e7lar"},"content":{"rendered":"<p>Kolajen \u015eampuan<br \/>\nBubble Kolajen \u015eampuan kuru ve k\u0131r\u0131lgan sa&ccedil;lar i&ccedil;in olarak form&uuml;le edilmi\u015ftir. &Ouml;nemli bir yap\u0131sal protein olan Kolajen ile zenginle\u015ftirilmi\u015ftir. Sa&ccedil;\u0131n\u0131z\u0131 nazik&ccedil;e temizlerken, sa&ccedil;\u0131n su kayb\u0131n\u0131n ve ya\u011fl\u0131 g&ouml;r&uuml;n&uuml;m&uuml;n&uuml;n azalmas\u0131na yard\u0131mc\u0131 olur.<\/p>\n<p>\u0130&ccedil;eri\u011finde bulunan &ouml;zel bile\u015fenler sayesinde daha yumu\u015fak ve g&uuml;&ccedil;l&uuml; sa&ccedil;lara sahip olursunuz. Kolajen \u015fampuan sa&ccedil; derisini besler. Sa&ccedil;\u0131n g&uuml;&ccedil;lenmesine ve parlakl\u0131\u011f\u0131n\u0131 artt\u0131rmaya yard\u0131mc\u0131 olur. Sa&ccedil; folik&uuml;llerini besleyerek sa&ccedil;\u0131n daha h\u0131zl\u0131 ve sa\u011fl\u0131kl\u0131 uzamas\u0131n\u0131 destekler.<\/p>\n","protected":false},"excerpt":{"rendered":"<p>Morfose Kolajen \u015eampuan 1000 ML &#8211; Zay\u0131f ve Zarar G\u00f6rm\u00fc\u015f Sa\u00e7lar<\/p>\n","protected":false},"featured_media":93442,"comment_status":"open","ping_status":"closed","template":"","meta":{"_kad_post_transparent":"","_kad_post_title":"","_kad_post_layout":"","_kad_post_sidebar_id":"","_kad_post_content_style":"","_kad_post_vertical_padding":"","_kad_post_feature":"","_kad_post_feature_position":"","_kad_post_header":false,"_kad_post_footer":false,"_kad_post_classname":""},"product_brand":[],"product_cat":[452,586,665],"product_tag":[],"class_list":{"0":"post-93443","1":"product","2":"type-product","3":"status-publish","4":"has-post-thumbnail","6":"product_cat-kozmetik","7":"product_cat-sac-bakimi","8":"product_cat-sampuan","10":"first","11":"instock","12":"shipping-taxable","13":"purchasable","14":"product-type-simple","15":"entry","16":"content-bg","17":"loop-entry"},"_links":{"self":[{"href":"https:\/\/www.hediyepazar.com\/index.php?rest_route=\/wp\/v2\/product\/93443","targetHints":{"allow":["GET"]}}],"collection":[{"href":"https:\/\/www.hediyepazar.com\/index.php?rest_route=\/wp\/v2\/product"}],"about":[{"href":"https:\/\/www.hediyepazar.com\/index.php?rest_route=\/wp\/v2\/types\/product"}],"replies":[{"embeddable":true,"href":"https:\/\/www.hediyepazar.com\/index.php?rest_route=%2Fwp%2Fv2%2Fcomments&post=93443"}],"wp:featuredmedia":[{"embeddable":true,"href":"https:\/\/www.hediyepazar.com\/index.php?rest_route=\/wp\/v2\/media\/93442"}],"wp:attachment":[{"href":"https:\/\/www.hediyepazar.com\/index.php?rest_route=%2Fwp%2Fv2%2Fmedia&parent=93443"}],"wp:term":[{"taxonomy":"product_brand","embeddable":true,"href":"https:\/\/www.hediyepazar.com\/index.php?rest_route=%2Fwp%2Fv2%2Fproduct_brand&post=93443"},{"taxonomy":"product_cat","embeddable":true,"href":"https:\/\/www.hediyepazar.com\/index.php?rest_route=%2Fwp%2Fv2%2Fproduct_cat&post=93443"},{"taxonomy":"product_tag","embeddable":true,"href":"https:\/\/www.hediyepazar.com\/index.php?rest_route=%2Fwp%2Fv2%2Fproduct_tag&post=93443"}],"curies":[{"name":"wp","href":"https:\/\/api.w.org\/{rel}","templated":true}]}}