{"id":93453,"date":"2026-04-30T18:40:59","date_gmt":"2026-04-30T21:40:59","guid":{"rendered":"https:\/\/www.hediyepazar.com\/?product=argan-cift-fazli-kondisyoner-fon-suyu-400-ml-mrfs"},"modified":"2026-04-30T18:40:59","modified_gmt":"2026-04-30T21:40:59","slug":"argan-cift-fazli-kondisyoner-fon-suyu-400-ml-mrfs","status":"publish","type":"product","link":"https:\/\/www.hediyepazar.com\/?product=argan-cift-fazli-kondisyoner-fon-suyu-400-ml-mrfs","title":{"rendered":"Argan \u00c7ift Fazl\u0131 Kondisyoner F\u00f6n Suyu 400 ML &#8211; mrfs"},"content":{"rendered":"<p>Argan &Ccedil;ift Fazl\u0131 Kondisyoner<br \/>\nBubble Argan &Ccedil;ift Fazl\u0131 Kondisyoner kuru ve zarar g&ouml;rm&uuml;\u015f sa&ccedil;lar i&ccedil;in &ouml;zel olarak geli\u015ftirilmi\u015ftir. Argan Ya\u011f\u0131 y&uuml;ksek oranda tokoferol yani E vitamini i&ccedil;ermesiyle bilinir. Tokoferoller Argan Ya\u011f\u0131n\u0131n besleyici &ouml;zelli\u011fi &uuml;zerine etki ederler. \u0130&ccedil;eri\u011finde bulunan &ouml;zel bile\u015fenler daha yumu\u015fak ve g&uuml;&ccedil;l&uuml; sa&ccedil;lara sahip olman\u0131za yard\u0131mc\u0131 olur.<\/p>\n<p>Sa&ccedil; ba\u011flar\u0131n\u0131 g&uuml;&ccedil;lendirerek sa&ccedil;lar\u0131n beslenmesini destekler. Kuru ve zarar g&ouml;rm&uuml;\u015f sa&ccedil;lar\u0131 \u0131s\u0131dan koruyarak sa&ccedil; \u015fekillendirme i\u015flemlerinin kolayca uygulanmas\u0131na yard\u0131mc\u0131 olur. Sa&ccedil;lar\u0131n kolayca taranmas\u0131n\u0131 sa\u011flar. Durulanma gerektirmez.<\/p>\n","protected":false},"excerpt":{"rendered":"<p>Argan \u00c7ift Fazl\u0131 Kondisyoner F\u00f6n Suyu 400 ML  &#8211; mrfs<\/p>\n","protected":false},"featured_media":93452,"comment_status":"open","ping_status":"closed","template":"","meta":{"_kad_post_transparent":"","_kad_post_title":"","_kad_post_layout":"","_kad_post_sidebar_id":"","_kad_post_content_style":"","_kad_post_vertical_padding":"","_kad_post_feature":"","_kad_post_feature_position":"","_kad_post_header":false,"_kad_post_footer":false,"_kad_post_classname":""},"product_brand":[],"product_cat":[452,586,711],"product_tag":[],"class_list":{"0":"post-93453","1":"product","2":"type-product","3":"status-publish","4":"has-post-thumbnail","6":"product_cat-kozmetik","7":"product_cat-sac-bakimi","8":"product_cat-sac-sekillendirici-urunler","10":"first","11":"instock","12":"shipping-taxable","13":"purchasable","14":"product-type-simple","15":"entry","16":"content-bg","17":"loop-entry"},"_links":{"self":[{"href":"https:\/\/www.hediyepazar.com\/index.php?rest_route=\/wp\/v2\/product\/93453","targetHints":{"allow":["GET"]}}],"collection":[{"href":"https:\/\/www.hediyepazar.com\/index.php?rest_route=\/wp\/v2\/product"}],"about":[{"href":"https:\/\/www.hediyepazar.com\/index.php?rest_route=\/wp\/v2\/types\/product"}],"replies":[{"embeddable":true,"href":"https:\/\/www.hediyepazar.com\/index.php?rest_route=%2Fwp%2Fv2%2Fcomments&post=93453"}],"wp:featuredmedia":[{"embeddable":true,"href":"https:\/\/www.hediyepazar.com\/index.php?rest_route=\/wp\/v2\/media\/93452"}],"wp:attachment":[{"href":"https:\/\/www.hediyepazar.com\/index.php?rest_route=%2Fwp%2Fv2%2Fmedia&parent=93453"}],"wp:term":[{"taxonomy":"product_brand","embeddable":true,"href":"https:\/\/www.hediyepazar.com\/index.php?rest_route=%2Fwp%2Fv2%2Fproduct_brand&post=93453"},{"taxonomy":"product_cat","embeddable":true,"href":"https:\/\/www.hediyepazar.com\/index.php?rest_route=%2Fwp%2Fv2%2Fproduct_cat&post=93453"},{"taxonomy":"product_tag","embeddable":true,"href":"https:\/\/www.hediyepazar.com\/index.php?rest_route=%2Fwp%2Fv2%2Fproduct_tag&post=93453"}],"curies":[{"name":"wp","href":"https:\/\/api.w.org\/{rel}","templated":true}]}}