{"id":93493,"date":"2026-04-30T18:42:46","date_gmt":"2026-04-30T21:42:46","guid":{"rendered":"https:\/\/www.hediyepazar.com\/?product=extra-strong-sac-kopuk-350-ml-ekstra-guclu-tutus-mrfs"},"modified":"2026-04-30T18:42:46","modified_gmt":"2026-04-30T21:42:46","slug":"extra-strong-sac-kopuk-350-ml-ekstra-guclu-tutus-mrfs","status":"publish","type":"product","link":"https:\/\/www.hediyepazar.com\/?product=extra-strong-sac-kopuk-350-ml-ekstra-guclu-tutus-mrfs","title":{"rendered":"Extra Strong Sa\u00e7 K\u00f6p\u00fck 350 ML &#8211; Ekstra G\u00fc\u00e7l\u00fc Tutu\u015f &#8211; mrfs"},"content":{"rendered":"<p>Extra Strong Sa&ccedil; K&ouml;p&uuml;k<br \/>\nExtra Strong Sa&ccedil; K&ouml;p&uuml;k, &ouml;zel olarak geli\u015ftirilmi\u015f form&uuml;l&uuml;yle g&uuml;n boyu sa&ccedil;lar\u0131n\u0131z\u0131 kontrol alt\u0131nda tutman\u0131za yard\u0131mc\u0131 olur. \u0130&ccedil;eri\u011finde bulunan multivitamin complex ile sa&ccedil;lar\u0131n\u0131z\u0131 &ccedil;evresel etkilere ve y\u0131pranmalara kar\u015f\u0131 korunmas\u0131n\u0131 sa\u011flar.<\/p>\n<p>Sa&ccedil;lar\u0131n\u0131zda kal\u0131nt\u0131 b\u0131rakmadan do\u011fal bir \u015fekilde hacim verir. Sa&ccedil; k&ouml;p&uuml;kleri sa&ccedil; tellerini bir bariyer gibi sard\u0131\u011f\u0131 i&ccedil;in nemin sa&ccedil;a hapsedilmesine yard\u0131mc\u0131 olur. Sa&ccedil; k&ouml;p&uuml;kleri, sa&ccedil;a hem canl\u0131 hem de sabit bir g&ouml;r&uuml;n&uuml;m sa\u011flar.<\/p>\n","protected":false},"excerpt":{"rendered":"<p>Extra Strong Sa\u00e7 K\u00f6p\u00fck 350 ML &#8211; Ekstra G\u00fc\u00e7l\u00fc Tutu\u015f &#8211; mrfs<\/p>\n","protected":false},"featured_media":93492,"comment_status":"open","ping_status":"closed","template":"","meta":{"_kad_post_transparent":"","_kad_post_title":"","_kad_post_layout":"","_kad_post_sidebar_id":"","_kad_post_content_style":"","_kad_post_vertical_padding":"","_kad_post_feature":"","_kad_post_feature_position":"","_kad_post_header":false,"_kad_post_footer":false,"_kad_post_classname":""},"product_brand":[],"product_cat":[452,586,711],"product_tag":[],"class_list":{"0":"post-93493","1":"product","2":"type-product","3":"status-publish","4":"has-post-thumbnail","6":"product_cat-kozmetik","7":"product_cat-sac-bakimi","8":"product_cat-sac-sekillendirici-urunler","10":"first","11":"instock","12":"shipping-taxable","13":"purchasable","14":"product-type-simple","15":"entry","16":"content-bg","17":"loop-entry"},"_links":{"self":[{"href":"https:\/\/www.hediyepazar.com\/index.php?rest_route=\/wp\/v2\/product\/93493","targetHints":{"allow":["GET"]}}],"collection":[{"href":"https:\/\/www.hediyepazar.com\/index.php?rest_route=\/wp\/v2\/product"}],"about":[{"href":"https:\/\/www.hediyepazar.com\/index.php?rest_route=\/wp\/v2\/types\/product"}],"replies":[{"embeddable":true,"href":"https:\/\/www.hediyepazar.com\/index.php?rest_route=%2Fwp%2Fv2%2Fcomments&post=93493"}],"wp:featuredmedia":[{"embeddable":true,"href":"https:\/\/www.hediyepazar.com\/index.php?rest_route=\/wp\/v2\/media\/93492"}],"wp:attachment":[{"href":"https:\/\/www.hediyepazar.com\/index.php?rest_route=%2Fwp%2Fv2%2Fmedia&parent=93493"}],"wp:term":[{"taxonomy":"product_brand","embeddable":true,"href":"https:\/\/www.hediyepazar.com\/index.php?rest_route=%2Fwp%2Fv2%2Fproduct_brand&post=93493"},{"taxonomy":"product_cat","embeddable":true,"href":"https:\/\/www.hediyepazar.com\/index.php?rest_route=%2Fwp%2Fv2%2Fproduct_cat&post=93493"},{"taxonomy":"product_tag","embeddable":true,"href":"https:\/\/www.hediyepazar.com\/index.php?rest_route=%2Fwp%2Fv2%2Fproduct_tag&post=93493"}],"curies":[{"name":"wp","href":"https:\/\/api.w.org\/{rel}","templated":true}]}}